CRAN Package Check Results for Package HiDimDA

Last updated on 2022-01-18 13:16:05 CET.

Flavor Version Tinstall Tcheck Ttotal Status Flags
r-devel-linux-x86_64-debian-clang 0.2-4 11.84 58.57 70.41 OK
r-devel-linux-x86_64-debian-gcc 0.2-4 9.11 48.69 57.80 OK
r-devel-linux-x86_64-fedora-clang 0.2-4 87.48 NOTE
r-devel-linux-x86_64-fedora-gcc 0.2-4 74.92 NOTE
r-devel-windows-x86_64-new-UL 0.2-4 53.00 79.00 132.00 OK
r-devel-windows-x86_64-new-TK 0.2-4 OK
r-patched-linux-x86_64 0.2-4 10.99 58.17 69.16 OK
r-release-linux-x86_64 0.2-4 OK
r-release-macos-arm64 0.2-4 OK
r-release-macos-x86_64 0.2-4 OK
r-release-windows-ix86+x86_64 0.2-4 21.00 82.00 103.00 OK
r-oldrel-macos-x86_64 0.2-4 OK
r-oldrel-windows-ix86+x86_64 0.2-4 21.00 82.00 103.00 OK

Check Details

Version: 0.2-4
Check: compiled code
Result: NOTE
    File ‘HiDimDA/libs/HiDimDA.so’:
     Found no calls to: ‘R_registerRoutines’, ‘R_useDynamicSymbols’
    
    It is good practice to register native routines and to disable symbol
    search.
    
    See ‘Writing portable packages’ in the ‘Writing R Extensions’ manual.
Flavors: r-devel-linux-x86_64-fedora-clang, r-devel-linux-x86_64-fedora-gcc