CRAN Package Check Results for Package HiLMM

Last updated on 2020-01-23 04:47:37 CET.

Flavor Version Tinstall Tcheck Ttotal Status Flags
r-devel-linux-x86_64-debian-clang 1.1 2.33 24.95 27.28 NOTE
r-devel-linux-x86_64-debian-gcc 1.1 1.84 20.19 22.03 NOTE
r-devel-linux-x86_64-fedora-clang 1.1 35.32 NOTE
r-devel-linux-x86_64-fedora-gcc 1.1 33.87 NOTE
r-devel-windows-ix86+x86_64 1.1 7.00 49.00 56.00 NOTE
r-devel-windows-ix86+x86_64-gcc8 1.1 7.00 39.00 46.00 NOTE
r-patched-linux-x86_64 1.1 1.52 23.58 25.10 NOTE
r-patched-solaris-x86 1.1 51.10 NOTE
r-release-linux-x86_64 1.1 1.70 23.52 25.22 NOTE
r-release-windows-ix86+x86_64 1.1 4.00 65.00 69.00 NOTE
r-release-osx-x86_64 1.1 NOTE
r-oldrel-windows-ix86+x86_64 1.1 3.00 35.00 38.00 NOTE
r-oldrel-osx-x86_64 1.1 NOTE

Check Details

Version: 1.1
Check: R code for possible problems
Result: NOTE
    data_simu: no visible global function definition for 'runif'
    data_simu: no visible global function definition for 'rbinom'
    data_simu: no visible global function definition for 'rnorm'
    Undefined global functions or variables:
     rbinom rnorm runif
    Consider adding
     importFrom("stats", "rbinom", "rnorm", "runif")
    to your NAMESPACE file.
Flavors: r-devel-linux-x86_64-debian-clang, r-devel-linux-x86_64-debian-gcc, r-devel-linux-x86_64-fedora-clang, r-devel-linux-x86_64-fedora-gcc, r-devel-windows-ix86+x86_64, r-devel-windows-ix86+x86_64-gcc8, r-patched-linux-x86_64, r-patched-solaris-x86, r-release-linux-x86_64, r-release-windows-ix86+x86_64, r-release-osx-x86_64, r-oldrel-windows-ix86+x86_64, r-oldrel-osx-x86_64