Last updated on 2022-06-28 09:49:51 CEST.
Flavor | Version | Tinstall | Tcheck | Ttotal | Status | Flags |
---|---|---|---|---|---|---|
r-devel-linux-x86_64-debian-clang | 1.5.0 | 20.05 | 229.17 | 249.22 | OK | |
r-devel-linux-x86_64-debian-gcc | 1.5.0 | 15.97 | 166.48 | 182.45 | OK | |
r-devel-linux-x86_64-fedora-clang | 1.5.0 | 311.94 | WARN | |||
r-devel-linux-x86_64-fedora-gcc | 1.5.0 | 297.30 | WARN | |||
r-devel-windows-x86_64 | 1.5.0 | 43.00 | 242.00 | 285.00 | OK | |
r-patched-linux-x86_64 | 1.5.0 | 15.76 | 203.71 | 219.47 | OK | |
r-release-linux-x86_64 | 1.5.0 | 20.03 | 209.04 | 229.07 | OK | |
r-release-macos-arm64 | 1.5.0 | 73.00 | OK | |||
r-release-macos-x86_64 | 1.5.0 | 130.00 | OK | |||
r-release-windows-x86_64 | 1.5.0 | 34.00 | 247.00 | 281.00 | OK | |
r-oldrel-macos-arm64 | 1.5.0 | 140.00 | OK | |||
r-oldrel-macos-x86_64 | 1.5.0 | 191.00 | OK | |||
r-oldrel-windows-ix86+x86_64 | 1.5.0 | 46.00 | 244.00 | 290.00 | OK |
Version: 1.5.0
Check: package dependencies
Result: WARN
Requires (indirectly) orphaned package: ‘gtools’
Flavors: r-devel-linux-x86_64-fedora-clang, r-devel-linux-x86_64-fedora-gcc