CRAN Package Check Results for Package IAbin

Last updated on 2020-02-23 09:47:36 CET.

Flavor Version Tinstall Tcheck Ttotal Status Flags
r-devel-linux-x86_64-debian-clang 1.0 2.26 24.51 26.77 NOTE
r-devel-linux-x86_64-debian-gcc 1.0 1.58 19.55 21.13 NOTE
r-devel-linux-x86_64-fedora-clang 1.0 32.82 OK
r-devel-linux-x86_64-fedora-gcc 1.0 32.24 OK
r-devel-windows-ix86+x86_64 1.0 6.00 38.00 44.00 NOTE
r-devel-windows-ix86+x86_64-gcc8 1.0 9.00 52.00 61.00 NOTE
r-patched-linux-x86_64 1.0 OK
r-patched-solaris-x86 1.0 46.20 OK
r-release-linux-x86_64 1.0 1.58 22.49 24.07 OK
r-release-windows-ix86+x86_64 1.0 5.00 32.00 37.00 OK
r-release-osx-x86_64 1.0 OK
r-oldrel-windows-ix86+x86_64 1.0 6.00 33.00 39.00 OK
r-oldrel-osx-x86_64 1.0 OK

Check Details

Version: 1.0
Check: package vignettes
Result: NOTE
    Package vignette with placeholder title 'Vignette Title':
     'vignette-IAbin.Rmd'
Flavors: r-devel-linux-x86_64-debian-clang, r-devel-linux-x86_64-debian-gcc, r-devel-windows-ix86+x86_64, r-devel-windows-ix86+x86_64-gcc8