CRAN Package Check Results for Package IAbin

Last updated on 2019-10-14 03:47:35 CEST.

Flavor Version Tinstall Tcheck Ttotal Status Flags
r-devel-linux-x86_64-debian-clang 1.0 1.98 22.18 24.16 NOTE
r-devel-linux-x86_64-debian-gcc 1.0 1.65 17.77 19.42 NOTE
r-devel-linux-x86_64-fedora-clang 1.0 29.71 OK
r-devel-linux-x86_64-fedora-gcc 1.0 28.96 OK
r-devel-windows-ix86+x86_64 1.0 9.00 34.00 43.00 NOTE
r-patched-linux-x86_64 1.0 1.42 21.14 22.56 OK
r-patched-solaris-x86 1.0 44.00 OK
r-release-linux-x86_64 1.0 1.69 21.03 22.72 OK
r-release-windows-ix86+x86_64 1.0 6.00 48.00 54.00 OK
r-release-osx-x86_64 1.0 OK
r-oldrel-windows-ix86+x86_64 1.0 3.00 32.00 35.00 OK
r-oldrel-osx-x86_64 1.0 OK

Check Details

Version: 1.0
Check: package vignettes
Result: NOTE
    Package vignette with placeholder title 'Vignette Title':
     'vignette-IAbin.Rmd'
Flavors: r-devel-linux-x86_64-debian-clang, r-devel-linux-x86_64-debian-gcc, r-devel-windows-ix86+x86_64