CRAN Package Check Results for Package ICAMS

Last updated on 2022-01-19 05:48:28 CET.

Flavor Version Tinstall Tcheck Ttotal Status Flags
r-devel-linux-x86_64-debian-clang 2.3.10 48.28 927.84 976.12 OK
r-devel-linux-x86_64-debian-gcc 2.3.10 46.99 644.28 691.27 OK
r-devel-linux-x86_64-fedora-clang 2.3.10 1057.20 OK
r-devel-linux-x86_64-fedora-gcc 2.3.10 976.13 OK
r-devel-windows-x86_64-new-UL 2.3.10 262.00 735.00 997.00 OK
r-devel-windows-x86_64-new-TK 2.3.10 OK
r-patched-linux-x86_64 2.3.10 54.66 782.54 837.20 OK
r-release-linux-x86_64 2.3.10 OK
r-release-macos-arm64 2.3.10 NOTE
r-release-macos-x86_64 2.3.10 NOTE
r-release-windows-ix86+x86_64 2.3.10 113.00 783.00 896.00 OK
r-oldrel-macos-x86_64 2.3.10 NOTE
r-oldrel-windows-ix86+x86_64 2.3.10 105.00 775.00 880.00 OK

Check Details

Version: 2.3.10
Check: package dependencies
Result: NOTE
    Package suggested but not available for checking: ‘BSgenome.Mmusculus.UCSC.mm10’
Flavor: r-release-macos-arm64

Version: 2.3.10
Check: package dependencies
Result: NOTE
    Packages suggested but not available for checking:
     'BSgenome.Hsapiens.1000genomes.hs37d5',
     'BSgenome.Hsapiens.UCSC.hg38', 'BSgenome.Mmusculus.UCSC.mm10'
Flavor: r-release-macos-x86_64

Version: 2.3.10
Check: package dependencies
Result: NOTE
    Packages suggested but not available for checking:
     'BSgenome.Hsapiens.1000genomes.hs37d5',
     'BSgenome.Mmusculus.UCSC.mm10'
Flavor: r-oldrel-macos-x86_64