CRAN Package Check Results for Package ICAOD

Last updated on 2020-07-09 21:48:30 CEST.

Flavor Version Tinstall Tcheck Ttotal Status Flags
r-devel-linux-x86_64-debian-clang 0.9.9 146.15 125.78 271.93 OK
r-devel-linux-x86_64-debian-gcc 0.9.9 104.36 91.89 196.25 OK
r-devel-linux-x86_64-fedora-clang 0.9.9 372.25 NOTE
r-devel-linux-x86_64-fedora-gcc 0.9.9 344.16 OK
r-devel-windows-ix86+x86_64 0.9.9 266.00 192.00 458.00 OK
r-patched-linux-x86_64 0.9.9 115.53 123.06 238.59 OK
r-patched-solaris-x86 0.9.9 298.20 OK
r-release-linux-x86_64 0.9.9 111.39 122.44 233.83 OK
r-release-osx-x86_64 0.9.9 NOTE
r-release-windows-ix86+x86_64 0.9.9 264.00 205.00 469.00 OK
r-oldrel-osx-x86_64 0.9.9 NOTE
r-oldrel-windows-ix86+x86_64 0.9.9 333.00 188.00 521.00 OK

Check Details

Version: 0.9.9
Check: installed package size
Result: NOTE
     installed size is 8.3Mb
     sub-directories of 1Mb or more:
     libs 7.1Mb
Flavors: r-devel-linux-x86_64-fedora-clang, r-release-osx-x86_64, r-oldrel-osx-x86_64