CRAN Package Check Results for Package ICSNP

Last updated on 2022-08-18 01:49:27 CEST.

Flavor Version Tinstall Tcheck Ttotal Status Flags
r-devel-linux-x86_64-debian-clang 1.1-1 14.56 92.03 106.59 NOTE
r-devel-linux-x86_64-debian-gcc 1.1-1 NOTE
r-devel-linux-x86_64-fedora-clang 1.1-1 136.74 NOTE
r-devel-linux-x86_64-fedora-gcc 1.1-1 133.77 NOTE
r-devel-windows-x86_64 1.1-1 23.00 117.00 140.00 NOTE
r-patched-linux-x86_64 1.1-1 12.34 87.78 100.12 OK
r-release-linux-x86_64 1.1-1 10.80 88.05 98.85 OK
r-release-macos-arm64 1.1-1 37.00 OK
r-release-macos-x86_64 1.1-1 53.00 OK
r-release-windows-x86_64 1.1-1 27.00 128.00 155.00 OK
r-oldrel-macos-arm64 1.1-1 43.00 OK
r-oldrel-macos-x86_64 1.1-1 56.00 OK
r-oldrel-windows-ix86+x86_64 1.1-1 27.00 144.00 171.00 OK

Check Details

Version: 1.1-1
Check: Rd files
Result: NOTE
    checkRd: (-1) pulmonary.Rd:13: Escaped LaTeX specials: \_
Flavors: r-devel-linux-x86_64-debian-clang, r-devel-linux-x86_64-debian-gcc, r-devel-linux-x86_64-fedora-clang, r-devel-linux-x86_64-fedora-gcc, r-devel-windows-x86_64