CRAN Package Check Results for Package IDPmisc

Last updated on 2020-11-25 08:50:38 CET.

Flavor Version Tinstall Tcheck Ttotal Status Flags
r-devel-linux-x86_64-debian-clang 1.1.20 9.27 56.52 65.79 OK
r-devel-linux-x86_64-debian-gcc 1.1.20 5.44 42.35 47.79 OK
r-devel-linux-x86_64-fedora-clang 1.1.20 84.34 NOTE
r-devel-linux-x86_64-fedora-gcc 1.1.20 75.58 OK
r-devel-windows-ix86+x86_64 1.1.20 16.00 85.00 101.00 OK
r-patched-linux-x86_64 1.1.20 8.80 54.88 63.68 OK
r-patched-solaris-x86 1.1.20 100.60 OK
r-release-linux-x86_64 1.1.20 6.81 53.39 60.20 OK
r-release-macos-x86_64 1.1.20 OK
r-release-windows-ix86+x86_64 1.1.20 16.00 106.00 122.00 OK
r-oldrel-macos-x86_64 1.1.20 OK
r-oldrel-windows-ix86+x86_64 1.1.20 12.00 93.00 105.00 OK

Check Details

Version: 1.1.20
Check: Rd cross-references
Result: NOTE
    Undeclared packages ‘sfsmisc’, ‘RColorBrewer’, ‘hexbin’ in Rd xrefs
Flavor: r-devel-linux-x86_64-fedora-clang