CRAN Package Check Results for Package IDetect

Last updated on 2025-04-27 17:51:36 CEST.

Flavor Version Tinstall Tcheck Ttotal Status Flags
r-devel-linux-x86_64-debian-clang 0.1.0 3.11 64.36 67.47 OK
r-devel-linux-x86_64-debian-gcc 0.1.0 2.47 48.33 50.80 OK
r-devel-linux-x86_64-fedora-clang 0.1.0 111.93 OK
r-devel-linux-x86_64-fedora-gcc 0.1.0 117.81 OK
r-devel-windows-x86_64 0.1.0 4.00 124.00 128.00 OK
r-patched-linux-x86_64 0.1.0 3.86 61.80 65.66 OK
r-release-linux-x86_64 0.1.0 3.61 61.70 65.31 OK
r-release-macos-arm64 0.1.0 42.00 OK
r-release-macos-x86_64 0.1.0 73.00 OK
r-release-windows-x86_64 0.1.0 4.00 130.00 134.00 OK
r-oldrel-macos-arm64 0.1.0 44.00 NOTE
r-oldrel-macos-x86_64 0.1.0 61.00 NOTE
r-oldrel-windows-x86_64 0.1.0 6.00 137.00 143.00 NOTE

Check Details

Version: 0.1.0
Check: LazyData
Result: NOTE 'LazyData' is specified without a 'data' directory Flavors: r-oldrel-macos-arm64, r-oldrel-macos-x86_64, r-oldrel-windows-x86_64