Last updated on 2022-08-10 05:54:52 CEST.
Flavor | Version | Tinstall | Tcheck | Ttotal | Status | Flags |
---|---|---|---|---|---|---|
r-devel-linux-x86_64-debian-clang | 1.1.8 | 16.81 | 191.63 | 208.44 | OK | |
r-devel-linux-x86_64-debian-gcc | 1.1.8 | 12.09 | 139.63 | 151.72 | OK | |
r-devel-linux-x86_64-fedora-clang | 1.1.8 | 266.19 | NOTE | |||
r-devel-linux-x86_64-fedora-gcc | 1.1.8 | 262.88 | NOTE | |||
r-devel-windows-x86_64 | 1.1.8 | 23.00 | 210.00 | 233.00 | OK | |
r-patched-linux-x86_64 | 1.1.8 | 14.36 | 180.72 | 195.08 | OK | |
r-release-linux-x86_64 | 1.1.8 | OK | ||||
r-release-macos-arm64 | 1.1.8 | 73.00 | NOTE | |||
r-release-macos-x86_64 | 1.1.8 | 98.00 | NOTE | |||
r-release-windows-x86_64 | 1.1.8 | 26.00 | 209.00 | 235.00 | OK | |
r-oldrel-macos-arm64 | 1.1.8 | 79.00 | NOTE | |||
r-oldrel-macos-x86_64 | 1.1.8 | 108.00 | NOTE | |||
r-oldrel-windows-ix86+x86_64 | 1.1.8 | 31.00 | 206.00 | 237.00 | OK |
Version: 1.1.8
Check: dependencies in R code
Result: NOTE
Namespaces in Imports field not imported from:
‘Matrix’ ‘expm’
All declared Imports should be used.
Flavors: r-devel-linux-x86_64-fedora-clang, r-devel-linux-x86_64-fedora-gcc, r-release-macos-arm64, r-release-macos-x86_64, r-oldrel-macos-arm64, r-oldrel-macos-x86_64