Last updated on 2022-05-25 07:50:22 CEST.
Flavor | Version | Tinstall | Tcheck | Ttotal | Status | Flags |
---|---|---|---|---|---|---|
r-devel-linux-x86_64-debian-clang | 0.7.5 | 18.00 | 176.39 | 194.39 | OK | |
r-devel-linux-x86_64-debian-gcc | 0.7.5 | 12.13 | 131.57 | 143.70 | OK | |
r-devel-linux-x86_64-fedora-clang | 0.7.5 | 239.10 | NOTE | |||
r-devel-linux-x86_64-fedora-gcc | 0.7.5 | 228.71 | NOTE | |||
r-devel-windows-x86_64 | 0.7.5 | 67.00 | 225.00 | 292.00 | OK | |
r-patched-linux-x86_64 | 0.7.5 | 16.39 | 169.44 | 185.83 | OK | |
r-release-linux-x86_64 | 0.7.5 | OK | ||||
r-release-macos-arm64 | 0.7.5 | 60.00 | NOTE | |||
r-release-macos-x86_64 | 0.7.5 | 117.00 | NOTE | |||
r-release-windows-x86_64 | 0.7.5 | 88.00 | 224.00 | 312.00 | OK | |
r-oldrel-macos-arm64 | 0.7.5 | 56.00 | NOTE | |||
r-oldrel-macos-x86_64 | 0.7.5 | 82.00 | NOTE | |||
r-oldrel-windows-ix86+x86_64 | 0.7.5 | 53.00 | 224.00 | 277.00 | OK |
Version: 0.7.5
Check: dependencies in R code
Result: NOTE
Namespaces in Imports field not imported from:
‘gmodels’ ‘lmtest’ ‘testthat’ ‘tidyverse’ ‘zoo’
All declared Imports should be used.
Flavors: r-devel-linux-x86_64-fedora-clang, r-devel-linux-x86_64-fedora-gcc, r-release-macos-arm64, r-release-macos-x86_64, r-oldrel-macos-arm64, r-oldrel-macos-x86_64