CRAN Package Check Results for Package IPDFileCheck

Last updated on 2024-02-27 16:49:18 CET.

Flavor Version Tinstall Tcheck Ttotal Status Flags
r-devel-linux-x86_64-debian-clang 0.7.5 12.70 145.31 158.01 OK
r-devel-linux-x86_64-debian-gcc 0.7.5 10.70 108.36 119.06 OK
r-devel-linux-x86_64-fedora-clang 0.7.5 197.29 NOTE
r-devel-linux-x86_64-fedora-gcc 0.7.5 197.76 NOTE
r-devel-windows-x86_64 0.7.5 14.00 123.00 137.00 OK
r-patched-linux-x86_64 0.7.5 12.90 140.66 153.56 OK
r-release-linux-x86_64 0.7.5 12.75 141.31 154.06 OK
r-release-macos-arm64 0.7.5 76.00 OK
r-release-macos-x86_64 0.7.5 123.00 OK
r-release-windows-x86_64 0.7.5 18.00 153.00 171.00 OK
r-oldrel-macos-arm64 0.7.5 60.00 NOTE
r-oldrel-windows-x86_64 0.7.5 18.00 158.00 176.00 OK

Check Details

Version: 0.7.5
Check: dependencies in R code
Result: NOTE Namespaces in Imports field not imported from: ‘gmodels’ ‘lmtest’ ‘testthat’ ‘tidyverse’ ‘zoo’ All declared Imports should be used. Flavors: r-devel-linux-x86_64-fedora-clang, r-devel-linux-x86_64-fedora-gcc, r-oldrel-macos-arm64