CRAN Package Check Results for Package ISEtools

Last updated on 2019-10-14 03:47:36 CEST.

Flavor Version Tinstall Tcheck Ttotal Status Flags
r-devel-linux-x86_64-debian-clang 3.1.1 3.40 35.13 38.53 OK
r-devel-linux-x86_64-debian-gcc 3.1.1 3.41 27.98 31.39 OK
r-devel-linux-x86_64-fedora-clang 3.1.1 48.92 OK
r-devel-linux-x86_64-fedora-gcc 3.1.1 47.94 OK
r-devel-windows-ix86+x86_64 3.1.1 7.00 67.00 74.00 OK
r-patched-linux-x86_64 3.1.1 4.00 34.51 38.51 OK
r-patched-solaris-x86 3.1.1 70.70 NOTE
r-release-linux-x86_64 3.1.1 4.01 34.73 38.74 OK
r-release-windows-ix86+x86_64 3.1.1 15.00 47.00 62.00 OK
r-release-osx-x86_64 3.1.1 NOTE
r-oldrel-windows-ix86+x86_64 3.1.1 6.00 48.00 54.00 OK
r-oldrel-osx-x86_64 3.1.1 NOTE

Check Details

Version: 3.1.1
Check: package dependencies
Result: NOTE
    Package suggested but not available for checking: ‘BRugs’
Flavors: r-patched-solaris-x86, r-release-osx-x86_64, r-oldrel-osx-x86_64