CRAN Package Check Results for Package ISEtools

Last updated on 2020-02-23 10:48:53 CET.

Flavor Version Tinstall Tcheck Ttotal Status Flags
r-devel-linux-x86_64-debian-clang 3.1.1 4.59 38.16 42.75 OK
r-devel-linux-x86_64-debian-gcc 3.1.1 3.66 30.02 33.68 OK
r-devel-linux-x86_64-fedora-clang 3.1.1 52.70 OK
r-devel-linux-x86_64-fedora-gcc 3.1.1 51.74 OK
r-devel-windows-ix86+x86_64 3.1.1 9.00 52.00 61.00 OK
r-devel-windows-ix86+x86_64-gcc8 3.1.1 11.00 77.00 88.00 OK
r-patched-linux-x86_64 3.1.1 OK
r-patched-solaris-x86 3.1.1 72.40 NOTE
r-release-linux-x86_64 3.1.1 3.89 34.66 38.55 OK
r-release-windows-ix86+x86_64 3.1.1 8.00 45.00 53.00 OK
r-release-osx-x86_64 3.1.1 NOTE
r-oldrel-windows-ix86+x86_64 3.1.1 8.00 46.00 54.00 OK
r-oldrel-osx-x86_64 3.1.1 NOTE

Check Details

Version: 3.1.1
Check: package dependencies
Result: NOTE
    Package suggested but not available for checking: ‘BRugs’
Flavors: r-patched-solaris-x86, r-release-osx-x86_64, r-oldrel-osx-x86_64