Last updated on 2022-06-25 02:52:19 CEST.
Flavor | Version | Tinstall | Tcheck | Ttotal | Status | Flags |
---|---|---|---|---|---|---|
r-devel-linux-x86_64-debian-clang | 1.1.3 | 24.74 | 54.94 | 79.68 | NOTE | |
r-devel-linux-x86_64-debian-gcc | 1.1.3 | 19.82 | 42.13 | 61.95 | NOTE | |
r-devel-linux-x86_64-fedora-clang | 1.1.3 | 125.39 | NOTE | |||
r-devel-linux-x86_64-fedora-gcc | 1.1.3 | 111.30 | NOTE | |||
r-devel-windows-x86_64 | 1.1.3 | 93.00 | 121.00 | 214.00 | NOTE | |
r-patched-linux-x86_64 | 1.1.3 | 20.52 | 52.73 | 73.25 | OK | |
r-release-linux-x86_64 | 1.1.3 | 20.59 | 52.23 | 72.82 | OK | |
r-release-macos-arm64 | 1.1.3 | 37.00 | OK | |||
r-release-macos-x86_64 | 1.1.3 | 46.00 | OK | |||
r-release-windows-x86_64 | 1.1.3 | 144.00 | 114.00 | 258.00 | OK | |
r-oldrel-macos-arm64 | 1.1.3 | 42.00 | OK | |||
r-oldrel-macos-x86_64 | 1.1.3 | 66.00 | OK | |||
r-oldrel-windows-ix86+x86_64 | 1.1.3 | 69.00 | 106.00 | 175.00 | OK |
Version: 1.1.3
Check: Rd files
Result: NOTE
checkRd: (-1) ISOpureS1.model_optimize.kappa.kappa_deriv_loglikelihood.Rd:9: Escaped LaTeX specials: \$
checkRd: (-1) ISOpureS1.model_optimize.kappa.kappa_deriv_loglikelihood.Rd:14: Escaped LaTeX specials: \$
checkRd: (-1) ISOpureS1.model_optimize.kappa.kappa_loglikelihood.Rd:11: Escaped LaTeX specials: \$
checkRd: (-1) ISOpureS2.model_optimize.kappa.kappa_deriv_loglikelihood.Rd:11: Escaped LaTeX specials: \$
checkRd: (-1) ISOpureS2.model_optimize.kappa.kappa_loglikelihood.Rd:11: Escaped LaTeX specials: \$
Flavors: r-devel-linux-x86_64-debian-clang, r-devel-linux-x86_64-debian-gcc, r-devel-linux-x86_64-fedora-clang, r-devel-linux-x86_64-fedora-gcc, r-devel-windows-x86_64