CRAN Package Check Results for Package IceCast

Last updated on 2019-09-23 14:47:24 CEST.

Flavor Version Tinstall Tcheck Ttotal Status Flags
r-devel-linux-x86_64-debian-clang 2.1.0 38.60 557.20 595.80 OK
r-devel-linux-x86_64-debian-gcc 2.1.0 32.25 429.47 461.72 OK
r-devel-linux-x86_64-fedora-clang 2.1.0 683.45 NOTE
r-devel-linux-x86_64-fedora-gcc 2.1.0 693.92 NOTE
r-devel-windows-ix86+x86_64 2.1.0 114.00 712.00 826.00 OK
r-patched-linux-x86_64 2.1.0 36.23 550.52 586.75 OK
r-patched-solaris-x86 2.1.0 931.00 NOTE
r-release-linux-x86_64 2.1.0 33.93 554.35 588.28 OK
r-release-windows-ix86+x86_64 2.1.0 111.00 689.00 800.00 OK
r-release-osx-x86_64 2.1.0 NOTE
r-oldrel-windows-ix86+x86_64 2.1.0 67.00 540.00 607.00 OK
r-oldrel-osx-x86_64 2.1.0 NOTE

Check Details

Version: 2.1.0
Check: dependencies in R code
Result: NOTE
    Namespace in Imports field not imported from: ‘coda’
     All declared Imports should be used.
Flavors: r-devel-linux-x86_64-fedora-clang, r-devel-linux-x86_64-fedora-gcc, r-patched-solaris-x86, r-release-osx-x86_64, r-oldrel-osx-x86_64