CRAN Package Check Results for Package ImaginR

Last updated on 2020-10-28 00:48:01 CET.

Flavor Version Tinstall Tcheck Ttotal Status Flags
r-devel-linux-x86_64-debian-clang 0.1.7 3.58 32.90 36.48 OK
r-devel-linux-x86_64-debian-gcc 0.1.7 2.74 26.03 28.77 OK
r-devel-linux-x86_64-fedora-clang 0.1.7 53.92 NOTE
r-devel-linux-x86_64-fedora-gcc 0.1.7 49.31 NOTE
r-devel-windows-ix86+x86_64 0.1.7 8.00 55.00 63.00 OK
r-patched-linux-x86_64 0.1.7 OK
r-patched-solaris-x86 0.1.7 74.00 NOTE
r-release-linux-x86_64 0.1.7 2.96 32.47 35.43 OK
r-release-macos-x86_64 0.1.7 NOTE
r-release-windows-ix86+x86_64 0.1.7 6.00 44.00 50.00 OK
r-oldrel-macos-x86_64 0.1.7 NOTE
r-oldrel-windows-ix86+x86_64 0.1.7 7.00 55.00 62.00 OK

Check Details

Version: 0.1.7
Check: dependencies in R code
Result: NOTE
    Namespace in Imports field not imported from: ‘jpeg’
     All declared Imports should be used.
Flavors: r-devel-linux-x86_64-fedora-clang, r-devel-linux-x86_64-fedora-gcc, r-patched-solaris-x86, r-release-macos-x86_64, r-oldrel-macos-x86_64