CRAN Package Check Results for Package ImaginR

Last updated on 2022-01-26 04:52:41 CET.

Flavor Version Tinstall Tcheck Ttotal Status Flags
r-devel-linux-x86_64-debian-clang 0.1.7 3.74 43.54 47.28 NOTE
r-devel-linux-x86_64-debian-gcc 0.1.7 2.72 34.03 36.75 NOTE
r-devel-linux-x86_64-fedora-clang 0.1.7 58.63 NOTE
r-devel-linux-x86_64-fedora-gcc 0.1.7 47.94 NOTE
r-devel-windows-x86_64-new-UL 0.1.7 18.00 67.00 85.00 NOTE
r-devel-windows-x86_64-new-TK 0.1.7 NOTE
r-patched-linux-x86_64 0.1.7 3.27 40.93 44.20 NOTE
r-release-linux-x86_64 0.1.7 3.38 41.92 45.30 NOTE
r-release-macos-arm64 0.1.7 NOTE
r-release-macos-x86_64 0.1.7 NOTE
r-release-windows-ix86+x86_64 0.1.7 8.00 56.00 64.00 NOTE
r-oldrel-macos-x86_64 0.1.7 NOTE
r-oldrel-windows-ix86+x86_64 0.1.7 8.00 55.00 63.00 OK

Check Details

Version: 0.1.7
Check: LazyData
Result: NOTE
     'LazyData' is specified without a 'data' directory
Flavors: r-devel-linux-x86_64-debian-clang, r-devel-linux-x86_64-debian-gcc, r-devel-linux-x86_64-fedora-clang, r-devel-linux-x86_64-fedora-gcc, r-devel-windows-x86_64-new-UL, r-devel-windows-x86_64-new-TK, r-patched-linux-x86_64, r-release-linux-x86_64, r-release-macos-arm64, r-release-macos-x86_64, r-release-windows-ix86+x86_64

Version: 0.1.7
Check: dependencies in R code
Result: NOTE
    Namespace in Imports field not imported from: ‘jpeg’
     All declared Imports should be used.
Flavors: r-devel-linux-x86_64-fedora-clang, r-devel-linux-x86_64-fedora-gcc, r-devel-windows-x86_64-new-TK, r-release-macos-arm64, r-release-macos-x86_64, r-oldrel-macos-x86_64