CRAN Package Check Results for Package ImaginR

Last updated on 2020-08-10 03:48:27 CEST.

Flavor Version Tinstall Tcheck Ttotal Status Flags
r-devel-linux-x86_64-debian-clang 0.1.7 3.08 32.27 35.35 OK
r-devel-linux-x86_64-debian-gcc 0.1.7 2.66 25.63 28.29 OK
r-devel-linux-x86_64-fedora-clang 0.1.7 52.50 NOTE
r-devel-linux-x86_64-fedora-gcc 0.1.7 41.84 NOTE
r-devel-windows-ix86+x86_64 0.1.7 10.00 67.00 77.00 OK
r-patched-linux-x86_64 0.1.7 3.11 32.05 35.16 OK
r-patched-solaris-x86 0.1.7 79.10 NOTE
r-release-linux-x86_64 0.1.7 3.00 32.30 35.30 OK
r-release-macos-x86_64 0.1.7 NOTE
r-release-windows-ix86+x86_64 0.1.7 12.00 60.00 72.00 OK
r-oldrel-macos-x86_64 0.1.7 NOTE
r-oldrel-windows-ix86+x86_64 0.1.7 7.00 49.00 56.00 OK

Check Details

Version: 0.1.7
Check: dependencies in R code
Result: NOTE
    Namespace in Imports field not imported from: ‘jpeg’
     All declared Imports should be used.
Flavors: r-devel-linux-x86_64-fedora-clang, r-devel-linux-x86_64-fedora-gcc, r-patched-solaris-x86, r-release-macos-x86_64, r-oldrel-macos-x86_64