Last updated on 2025-01-17 21:49:33 CET.
Flavor | Version | Tinstall | Tcheck | Ttotal | Status | Flags |
---|---|---|---|---|---|---|
r-devel-linux-x86_64-debian-clang | 0.3.6 | 9.12 | 531.22 | 540.34 | OK | |
r-devel-linux-x86_64-debian-gcc | 0.3.6 | 7.17 | 346.26 | 353.43 | OK | |
r-devel-linux-x86_64-fedora-clang | 0.3.6 | 902.32 | OK | |||
r-devel-linux-x86_64-fedora-gcc | 0.3.6 | 846.71 | OK | |||
r-devel-windows-x86_64 | 0.3.6 | 12.00 | 242.00 | 254.00 | OK | --no-vignettes |
r-patched-linux-x86_64 | 0.3.6 | 9.83 | 490.49 | 500.32 | OK | |
r-release-linux-x86_64 | 0.3.6 | 7.49 | 497.74 | 505.23 | OK | |
r-release-macos-arm64 | 0.3.6 | 188.00 | OK | |||
r-release-macos-x86_64 | 0.3.6 | 337.00 | WARN | |||
r-release-windows-x86_64 | 0.3.6 | 10.00 | 235.00 | 245.00 | OK | --no-vignettes |
r-oldrel-macos-arm64 | 0.3.6 | 194.00 | OK | |||
r-oldrel-macos-x86_64 | 0.3.6 | 434.00 | OK | |||
r-oldrel-windows-x86_64 | 0.3.6 | 9.00 | 301.00 | 310.00 | OK | --no-vignettes |
Version: 0.3.6
Check: re-building of vignette outputs
Result: WARN
Error(s) in re-building vignettes:
--- re-building ‘gamma_imputation_Jackson_2014.Rnw’ using knitr
Error: processing vignette 'gamma_imputation_Jackson_2014.Rnw' failed with diagnostics:
Running 'texi2dvi' on 'gamma_imputation_Jackson_2014.tex' failed.
LaTeX errors:
! Undefined control sequence.
l.124 \hlkwd{library}\hldef
{(InformativeCensoring)}
?
! Emergency stop.
! Emergency stop.
l.124
End of file on the terminal!
! ==> Fatal error occurred, no output PDF file produced!
--- failed re-building ‘gamma_imputation_Jackson_2014.Rnw’
--- re-building ‘risk_score_imputation_Hsu_2009.Rnw’ using knitr
Error: processing vignette 'risk_score_imputation_Hsu_2009.Rnw' failed with diagnostics:
Running 'texi2dvi' on 'risk_score_imputation_Hsu_2009.tex' failed.
LaTeX errors:
! Undefined control sequence.
l.142 \hlkwd{library}\hldef
{(InformativeCensoring)}
?
! Emergency stop.
! Emergency stop.
l.142
End of file on the terminal!
! ==> Fatal error occurred, no output PDF file produced!
--- failed re-building ‘risk_score_imputation_Hsu_2009.Rnw’
SUMMARY: processing the following files failed:
‘gamma_imputation_Jackson_2014.Rnw’
‘risk_score_imputation_Hsu_2009.Rnw’
Error: Vignette re-building failed.
Execution halted
Flavor: r-release-macos-x86_64