CRAN Package Check Results for Package Interact

Last updated on 2019-09-23 20:47:36 CEST.

Flavor Version Tinstall Tcheck Ttotal Status Flags
r-devel-linux-x86_64-debian-clang 1.1 3.06 17.02 20.08 NOTE
r-devel-linux-x86_64-debian-gcc 1.1 2.21 13.79 16.00 NOTE
r-devel-linux-x86_64-fedora-clang 1.1 25.95 NOTE
r-devel-linux-x86_64-fedora-gcc 1.1 24.29 NOTE
r-devel-windows-ix86+x86_64 1.1 19.00 65.00 84.00 NOTE
r-patched-linux-x86_64 1.1 2.52 16.86 19.38 NOTE
r-patched-solaris-x86 1.1 39.90 NOTE
r-release-linux-x86_64 1.1 2.11 16.87 18.98 NOTE
r-release-windows-ix86+x86_64 1.1 8.00 66.00 74.00 NOTE
r-release-osx-x86_64 1.1 NOTE
r-oldrel-windows-ix86+x86_64 1.1 7.00 42.00 49.00 NOTE
r-oldrel-osx-x86_64 1.1 NOTE

Check Details

Version: 1.1
Check: DESCRIPTION meta-information
Result: NOTE
    Malformed Description field: should contain one or more complete sentences.
Flavors: r-devel-linux-x86_64-debian-clang, r-devel-linux-x86_64-debian-gcc, r-devel-linux-x86_64-fedora-clang, r-devel-linux-x86_64-fedora-gcc, r-devel-windows-ix86+x86_64, r-patched-linux-x86_64, r-patched-solaris-x86, r-release-linux-x86_64, r-release-windows-ix86+x86_64, r-release-osx-x86_64, r-oldrel-windows-ix86+x86_64, r-oldrel-osx-x86_64

Version: 1.1
Check: R code for possible problems
Result: NOTE
    interact: no visible global function definition for 'cor'
    plot.interact: no visible global function definition for 'plot'
    standardize.matrix: no visible binding for global variable 'var'
    standardize.matrix: no visible binding for global variable 'sd'
    Undefined global functions or variables:
     cor plot sd var
    Consider adding
     importFrom("graphics", "plot")
     importFrom("stats", "cor", "sd", "var")
    to your NAMESPACE file.
Flavors: r-devel-linux-x86_64-debian-clang, r-devel-linux-x86_64-debian-gcc, r-devel-linux-x86_64-fedora-clang, r-devel-linux-x86_64-fedora-gcc, r-devel-windows-ix86+x86_64, r-patched-linux-x86_64, r-patched-solaris-x86, r-release-linux-x86_64, r-release-windows-ix86+x86_64, r-release-osx-x86_64, r-oldrel-windows-ix86+x86_64, r-oldrel-osx-x86_64

Version: 1.1
Check: compiled code
Result: NOTE
    File ‘Interact/libs/Interact.so’:
     Found no calls to: ‘R_registerRoutines’, ‘R_useDynamicSymbols’
    
    It is good practice to register native routines and to disable symbol
    search.
    
    See ‘Writing portable packages’ in the ‘Writing R Extensions’ manual.
Flavors: r-devel-linux-x86_64-fedora-clang, r-devel-linux-x86_64-fedora-gcc