Last updated on 2023-03-29 08:53:41 CEST.
Flavor | Version | Tinstall | Tcheck | Ttotal | Status | Flags |
---|---|---|---|---|---|---|
r-devel-linux-x86_64-debian-clang | 0.4-0 | 98.18 | 150.27 | 248.45 | OK | |
r-devel-linux-x86_64-debian-gcc | 0.4-0 | 77.32 | 110.52 | 187.84 | OK | |
r-devel-linux-x86_64-fedora-clang | 0.4-0 | 322.84 | OK | |||
r-devel-linux-x86_64-fedora-gcc | 0.4-0 | 326.67 | OK | |||
r-devel-windows-x86_64 | 0.4-0 | 115.00 | 189.00 | 304.00 | OK | |
r-patched-linux-x86_64 | 0.4-0 | 81.22 | 138.15 | 219.37 | OK | |
r-release-linux-x86_64 | 0.4-0 | 78.89 | 140.81 | 219.70 | OK | |
r-release-macos-arm64 | 0.4-0 | 71.00 | NOTE | |||
r-release-macos-x86_64 | 0.4-0 | 104.00 | NOTE | |||
r-release-windows-x86_64 | 0.4-0 | 102.00 | 181.00 | 283.00 | OK | |
r-oldrel-macos-arm64 | 0.4-0 | 82.00 | NOTE | |||
r-oldrel-macos-x86_64 | 0.4-0 | 106.00 | NOTE | |||
r-oldrel-windows-ix86+x86_64 | 0.4-0 | 204.00 | 210.00 | 414.00 | OK |
Version: 0.4-0
Check: installed package size
Result: NOTE
installed size is 10.3Mb
sub-directories of 1Mb or more:
libs 9.6Mb
Flavors: r-release-macos-arm64, r-release-macos-x86_64, r-oldrel-macos-arm64, r-oldrel-macos-x86_64