CRAN Package Check Results for Package JOPS

Last updated on 2021-08-02 09:54:09 CEST.

Flavor Version Tinstall Tcheck Ttotal Status Flags
r-devel-linux-x86_64-debian-clang 0.1.15 14.80 133.44 148.24 OK
r-devel-linux-x86_64-debian-gcc 0.1.15 11.99 102.29 114.28 OK
r-devel-linux-x86_64-fedora-clang 0.1.15 190.00 NOTE
r-devel-linux-x86_64-fedora-gcc 0.1.15 176.49 NOTE
r-devel-windows-x86_64 0.1.15 39.00 181.00 220.00 OK
r-devel-windows-x86_64-gcc10-UCRT 0.1.15 NOTE
r-patched-linux-x86_64 0.1.15 OK
r-patched-solaris-x86 0.1.15 303.60 NOTE
r-release-linux-x86_64 0.1.15 12.57 127.44 140.01 OK
r-release-macos-arm64 0.1.15 NOTE
r-release-macos-x86_64 0.1.15 NOTE
r-release-windows-ix86+x86_64 0.1.15 29.00 132.00 161.00 OK
r-oldrel-macos-x86_64 0.1.15 NOTE
r-oldrel-windows-ix86+x86_64 0.1.15 52.00 174.00 226.00 OK

Check Details

Version: 0.1.15
Check: dependencies in R code
Result: NOTE
    Namespaces in Imports field not imported from:
     ‘MASS’ ‘boot’ ‘fds’ ‘rpart’
     All declared Imports should be used.
Flavors: r-devel-linux-x86_64-fedora-clang, r-devel-linux-x86_64-fedora-gcc, r-devel-windows-x86_64-gcc10-UCRT, r-patched-solaris-x86, r-release-macos-arm64, r-release-macos-x86_64, r-oldrel-macos-x86_64