CRAN Package Check Results for Package JSM

Last updated on 2019-09-23 14:47:25 CEST.

Flavor Version Tinstall Tcheck Ttotal Status Flags
r-devel-linux-x86_64-debian-clang 0.1.3 214.98 182.59 397.57 OK
r-devel-linux-x86_64-debian-gcc 0.1.3 171.23 138.66 309.89 OK
r-devel-linux-x86_64-fedora-clang 0.1.3 589.88 NOTE
r-devel-linux-x86_64-fedora-gcc 0.1.3 545.55 OK
r-devel-windows-ix86+x86_64 0.1.3 492.00 418.00 910.00 OK
r-patched-linux-x86_64 0.1.3 198.90 173.34 372.24 OK
r-patched-solaris-x86 0.1.3 645.10 OK
r-release-linux-x86_64 0.1.3 195.71 178.06 373.77 OK
r-release-windows-ix86+x86_64 0.1.3 508.00 447.00 955.00 OK
r-release-osx-x86_64 0.1.3 NOTE
r-oldrel-windows-ix86+x86_64 0.1.3 349.00 311.00 660.00 OK
r-oldrel-osx-x86_64 0.1.3 NOTE

Check Details

Version: 0.1.3
Check: installed package size
Result: NOTE
     installed size is 17.2Mb
     sub-directories of 1Mb or more:
     libs 16.7Mb
Flavors: r-devel-linux-x86_64-fedora-clang, r-release-osx-x86_64, r-oldrel-osx-x86_64