CRAN Package Check Results for Package JSM

Last updated on 2020-02-19 21:46:38 CET.

Flavor Version Tinstall Tcheck Ttotal Status Flags
r-devel-linux-x86_64-debian-clang 0.1.3 251.27 199.73 451.00 OK
r-devel-linux-x86_64-debian-gcc 0.1.3 159.12 144.72 303.84 OK
r-devel-linux-x86_64-fedora-clang 0.1.3 646.92 NOTE
r-devel-linux-x86_64-fedora-gcc 0.1.3 558.11 OK
r-devel-windows-ix86+x86_64 0.1.3 419.00 343.00 762.00 OK
r-devel-windows-ix86+x86_64-gcc8 0.1.3 685.00 431.00 1116.00 OK
r-patched-linux-x86_64 0.1.3 199.93 178.54 378.47 OK
r-patched-solaris-x86 0.1.3 680.90 OK
r-release-linux-x86_64 0.1.3 198.67 178.91 377.58 OK
r-release-windows-ix86+x86_64 0.1.3 425.00 318.00 743.00 OK
r-release-osx-x86_64 0.1.3 NOTE
r-oldrel-windows-ix86+x86_64 0.1.3 350.00 320.00 670.00 OK
r-oldrel-osx-x86_64 0.1.3 NOTE

Check Details

Version: 0.1.3
Check: installed package size
Result: NOTE
     installed size is 17.2Mb
     sub-directories of 1Mb or more:
     libs 16.7Mb
Flavors: r-devel-linux-x86_64-fedora-clang, r-release-osx-x86_64, r-oldrel-osx-x86_64