CRAN Package Check Results for Package JamendoR

Last updated on 2021-04-15 04:48:43 CEST.

Flavor Version Tinstall Tcheck Ttotal Status Flags
r-devel-linux-x86_64-debian-clang 0.1.0 4.49 45.66 50.15 NOTE
r-devel-linux-x86_64-debian-gcc 0.1.0 3.37 34.85 38.22 NOTE
r-devel-linux-x86_64-fedora-clang 0.1.0 69.53 NOTE
r-devel-linux-x86_64-fedora-gcc 0.1.0 57.88 NOTE
r-devel-windows-ix86+x86_64 0.1.0 16.00 65.00 81.00 NOTE
r-devel-windows-x86_64-gcc10-UCRT 0.1.0 NOTE
r-patched-linux-x86_64 0.1.0 5.25 42.70 47.95 OK
r-patched-solaris-x86 0.1.0 84.60 OK
r-release-linux-x86_64 0.1.0 4.23 42.87 47.10 OK
r-release-macos-x86_64 0.1.0 OK
r-release-windows-ix86+x86_64 0.1.0 24.00 68.00 92.00 OK
r-oldrel-macos-x86_64 0.1.0 OK
r-oldrel-windows-ix86+x86_64 0.1.0 10.00 45.00 55.00 OK

Check Details

Version: 0.1.0
Check: LazyData
Result: NOTE
     'LazyData' is specified without a 'data' directory
Flavors: r-devel-linux-x86_64-debian-clang, r-devel-linux-x86_64-debian-gcc, r-devel-linux-x86_64-fedora-clang, r-devel-linux-x86_64-fedora-gcc, r-devel-windows-ix86+x86_64, r-devel-windows-x86_64-gcc10-UCRT