CRAN Package Check Results for Package Johnson

Last updated on 2020-11-29 17:46:39 CET.

Flavor Version Tinstall Tcheck Ttotal Status Flags
r-devel-linux-x86_64-debian-clang 1.4 2.97 24.53 27.50 NOTE
r-devel-linux-x86_64-debian-gcc 1.4 2.22 20.12 22.34 NOTE
r-devel-linux-x86_64-fedora-clang 1.4 43.50 NOTE
r-devel-linux-x86_64-fedora-gcc 1.4 30.14 NOTE
r-devel-windows-ix86+x86_64 1.4 6.00 29.00 35.00 NOTE
r-patched-linux-x86_64 1.4 3.11 24.29 27.40 NOTE
r-patched-solaris-x86 1.4 45.10 NOTE
r-release-linux-x86_64 1.4 3.13 24.04 27.17 NOTE
r-release-macos-x86_64 1.4 NOTE
r-release-windows-ix86+x86_64 1.4 6.00 34.00 40.00 NOTE
r-oldrel-macos-x86_64 1.4 NOTE
r-oldrel-windows-ix86+x86_64 1.4 5.00 49.00 54.00 NOTE

Check Details

Version: 1.4
Check: R code for possible problems
Result: NOTE
    RE.ADT: no visible global function definition for 'sd'
    RE.ADT: no visible global function definition for 'pnorm'
    RE.Johnson: no visible global function definition for 'pnorm'
    Undefined global functions or variables:
     pnorm sd
    Consider adding
     importFrom("stats", "pnorm", "sd")
    to your NAMESPACE file.
Flavors: r-devel-linux-x86_64-debian-clang, r-devel-linux-x86_64-debian-gcc, r-devel-linux-x86_64-fedora-clang, r-devel-linux-x86_64-fedora-gcc, r-devel-windows-ix86+x86_64, r-patched-linux-x86_64, r-patched-solaris-x86, r-release-linux-x86_64, r-release-macos-x86_64, r-release-windows-ix86+x86_64, r-oldrel-macos-x86_64, r-oldrel-windows-ix86+x86_64