CRAN Package Check Results for Package KMgene

Last updated on 2020-01-23 06:53:07 CET.

Flavor Version Tinstall Tcheck Ttotal Status Flags
r-devel-linux-x86_64-debian-clang 1.2 15.33 115.73 131.06 NOTE
r-devel-linux-x86_64-debian-gcc 1.2 13.62 87.16 100.78 NOTE
r-devel-linux-x86_64-fedora-clang 1.2 157.66 NOTE
r-devel-linux-x86_64-fedora-gcc 1.2 153.92 NOTE
r-devel-windows-ix86+x86_64 1.2 40.00 231.00 271.00 OK
r-devel-windows-ix86+x86_64-gcc8 1.2 41.00 220.00 261.00 OK
r-patched-linux-x86_64 1.2 14.84 103.74 118.58 OK
r-patched-solaris-x86 1.2 207.20 OK
r-release-linux-x86_64 1.2 13.59 104.13 117.72 OK
r-release-windows-ix86+x86_64 1.2 28.00 202.00 230.00 OK
r-release-osx-x86_64 1.2 OK
r-oldrel-windows-ix86+x86_64 1.2 20.00 150.00 170.00 OK
r-oldrel-osx-x86_64 1.2 WARN

Check Details

Version: 1.2
Check: for non-standard things in the check directory
Result: NOTE
    Found the following files/directories:
     'LogLikelihood.txt' 'pvalues.out'
Flavors: r-devel-linux-x86_64-debian-clang, r-devel-linux-x86_64-debian-gcc, r-devel-linux-x86_64-fedora-clang, r-devel-linux-x86_64-fedora-gcc

Version: 1.2
Check: examples
Result: WARN
    Found the following significant warnings:
    
     Warning: 'rBind' is deprecated.
    Deprecated functions may be defunct as soon as of the next release of
    R.
    See ?Deprecated.
Flavor: r-oldrel-osx-x86_64