CRAN Package Check Results for Package KMgene

Last updated on 2019-09-15 05:46:17 CEST.

Flavor Version Tinstall Tcheck Ttotal Status Flags
r-devel-linux-x86_64-debian-clang 1.2 13.71 105.88 119.59 NOTE
r-devel-linux-x86_64-debian-gcc 1.2 12.78 81.58 94.36 NOTE
r-devel-linux-x86_64-fedora-clang 1.2 143.91 NOTE
r-devel-linux-x86_64-fedora-gcc 1.2 142.02 NOTE
r-devel-windows-ix86+x86_64 1.2 43.00 157.00 200.00 OK
r-patched-linux-x86_64 1.2 13.51 103.84 117.35 OK
r-patched-solaris-x86 1.2 216.00 OK
r-release-linux-x86_64 1.2 13.07 103.72 116.79 OK
r-release-windows-ix86+x86_64 1.2 28.00 210.00 238.00 OK
r-release-osx-x86_64 1.2 OK
r-oldrel-windows-ix86+x86_64 1.2 28.00 159.00 187.00 OK
r-oldrel-osx-x86_64 1.2 WARN

Check Details

Version: 1.2
Check: for non-standard things in the check directory
Result: NOTE
    Found the following files/directories:
     'LogLikelihood.txt' 'pvalues.out'
Flavors: r-devel-linux-x86_64-debian-clang, r-devel-linux-x86_64-debian-gcc, r-devel-linux-x86_64-fedora-clang, r-devel-linux-x86_64-fedora-gcc

Version: 1.2
Check: examples
Result: WARN
    Found the following significant warnings:
    
     Warning: 'rBind' is deprecated.
    Deprecated functions may be defunct as soon as of the next release of
    R.
    See ?Deprecated.
Flavor: r-oldrel-osx-x86_64