CRAN Package Check Results for Package KSD

Last updated on 2023-03-24 21:59:53 CET.

Flavor Version Tinstall Tcheck Ttotal Status Flags
r-devel-linux-x86_64-debian-clang 1.0.1 3.23 28.23 31.46 NOTE
r-devel-linux-x86_64-debian-gcc 1.0.1 2.37 21.63 24.00 NOTE
r-devel-linux-x86_64-fedora-clang 1.0.1 39.74 NOTE
r-devel-linux-x86_64-fedora-gcc 1.0.1 38.83 NOTE
r-devel-windows-x86_64 1.0.1 14.00 58.00 72.00 NOTE
r-patched-linux-x86_64 1.0.1 3.36 27.75 31.11 NOTE
r-release-linux-x86_64 1.0.1 2.99 27.94 30.93 NOTE
r-release-macos-arm64 1.0.1 17.00 NOTE
r-release-macos-x86_64 1.0.1 23.00 NOTE
r-release-windows-x86_64 1.0.1 12.00 57.00 69.00 NOTE
r-oldrel-macos-arm64 1.0.1 22.00 NOTE
r-oldrel-macos-x86_64 1.0.1 27.00 NOTE
r-oldrel-windows-ix86+x86_64 1.0.1 7.00 54.00 61.00 NOTE

Check Details

Version: 1.0.1
Check: LazyData
Result: NOTE
     'LazyData' is specified without a 'data' directory
Flavors: r-devel-linux-x86_64-debian-clang, r-devel-linux-x86_64-debian-gcc, r-devel-linux-x86_64-fedora-clang, r-devel-linux-x86_64-fedora-gcc, r-devel-windows-x86_64, r-patched-linux-x86_64, r-release-linux-x86_64, r-release-macos-arm64, r-release-macos-x86_64, r-release-windows-x86_64, r-oldrel-macos-arm64, r-oldrel-macos-x86_64, r-oldrel-windows-ix86+x86_64