Last updated on 2023-03-29 08:53:42 CEST.
Flavor | Version | Tinstall | Tcheck | Ttotal | Status | Flags |
---|---|---|---|---|---|---|
r-devel-linux-x86_64-debian-clang | 2.1.0 | 284.42 | 156.26 | 440.68 | OK | |
r-devel-linux-x86_64-debian-gcc | 2.1.0 | 207.12 | 115.05 | 322.17 | OK | |
r-devel-linux-x86_64-fedora-clang | 2.1.0 | 621.34 | OK | |||
r-devel-linux-x86_64-fedora-gcc | 2.1.0 | 577.92 | OK | |||
r-devel-windows-x86_64 | 2.1.0 | 193.00 | 234.00 | 427.00 | OK | |
r-patched-linux-x86_64 | 2.1.0 | 212.33 | 148.70 | 361.03 | OK | |
r-release-linux-x86_64 | 2.1.0 | 219.91 | 152.07 | 371.98 | OK | |
r-release-macos-arm64 | 2.1.0 | 118.00 | NOTE | |||
r-release-macos-x86_64 | 2.1.0 | 168.00 | NOTE | |||
r-release-windows-x86_64 | 2.1.0 | 186.00 | 233.00 | 419.00 | OK | |
r-oldrel-macos-arm64 | 2.1.0 | 117.00 | NOTE | |||
r-oldrel-macos-x86_64 | 2.1.0 | 179.00 | NOTE | |||
r-oldrel-windows-ix86+x86_64 | 2.1.0 | 581.00 | 278.00 | 859.00 | NOTE |
Version: 2.1.0
Check: installed package size
Result: NOTE
installed size is 13.3Mb
sub-directories of 1Mb or more:
doc 2.4Mb
libs 10.8Mb
Flavors: r-release-macos-arm64, r-release-macos-x86_64, r-oldrel-macos-arm64, r-oldrel-macos-x86_64, r-oldrel-windows-ix86+x86_64