CRAN Package Check Results for Package LCMSQA

Last updated on 2023-11-30 07:52:39 CET.

Flavor Version Tinstall Tcheck Ttotal Status Flags
r-devel-linux-x86_64-debian-clang 1.0.1 12.11 295.50 307.61 OK
r-devel-linux-x86_64-debian-gcc 1.0.1 9.96 222.77 232.73 OK
r-devel-linux-x86_64-fedora-clang 1.0.1 131.18 NOTE
r-devel-linux-x86_64-fedora-gcc 1.0.1 131.70 NOTE
r-devel-windows-x86_64 1.0.1 38.00 226.00 264.00 OK
r-patched-linux-x86_64 1.0.1 8.20 288.12 296.32 OK
r-release-linux-x86_64 1.0.1 7.23 281.66 288.89 OK
r-release-macos-arm64 1.0.1 42.00 NOTE
r-release-macos-x86_64 1.0.1 78.00 NOTE
r-release-windows-x86_64 1.0.1 57.00 287.00 344.00 OK
r-oldrel-macos-arm64 1.0.1 114.00 OK
r-oldrel-macos-x86_64 1.0.1 171.00 OK
r-oldrel-windows-x86_64 1.0.1 43.00 295.00 338.00 OK

Check Details

Version: 1.0.1
Check: package dependencies
Result: NOTE Packages suggested but not available for checking: 'xcms', 'MSnbase' Flavors: r-devel-linux-x86_64-fedora-clang, r-devel-linux-x86_64-fedora-gcc, r-release-macos-arm64, r-release-macos-x86_64