Last updated on 2021-03-01 19:48:04 CET.
Flavor | Version | Tinstall | Tcheck | Ttotal | Status | Flags |
---|---|---|---|---|---|---|
r-devel-linux-x86_64-debian-clang | 0.2.7 | OK | ||||
r-devel-linux-x86_64-debian-gcc | 0.2.7 | 7.66 | 112.73 | 120.39 | OK | |
r-devel-linux-x86_64-fedora-clang | 0.2.7 | 195.27 | OK | |||
r-devel-linux-x86_64-fedora-gcc | 0.2.7 | 189.76 | OK | |||
r-devel-windows-ix86+x86_64 | 0.2.7 | 17.00 | 167.00 | 184.00 | OK | |
r-patched-linux-x86_64 | 0.2.7 | 10.20 | 144.99 | 155.19 | OK | |
r-patched-solaris-x86 | 0.2.7 | 259.30 | WARN | |||
r-release-linux-x86_64 | 0.2.7 | 10.53 | 142.77 | 153.30 | OK | |
r-release-macos-x86_64 | 0.2.7 | WARN | ||||
r-release-windows-ix86+x86_64 | 0.2.7 | 24.00 | 266.00 | 290.00 | OK | |
r-oldrel-macos-x86_64 | 0.2.7 | WARN | ||||
r-oldrel-windows-ix86+x86_64 | 0.2.7 | 13.00 | 196.00 | 209.00 | OK |
Version: 0.2.7
Check: re-building of vignette outputs
Result: WARN
Error(s) in re-building vignettes:
...
--- re-building ‘LDATS_codebase.Rmd’ using rmarkdown
Warning in engine$weave(file, quiet = quiet, encoding = enc) :
Pandoc (>= 1.12.3) and/or pandoc-citeproc not available. Falling back to R Markdown v1.
--- finished re-building ‘LDATS_codebase.Rmd’
--- re-building ‘paper-comparison.Rmd’ using rmarkdown
Warning in engine$weave(file, quiet = quiet, encoding = enc) :
Pandoc (>= 1.12.3) and/or pandoc-citeproc not available. Falling back to R Markdown v1.
Quitting from lines 59-60 (paper-comparison.Rmd)
Error: processing vignette 'paper-comparison.Rmd' failed with diagnostics:
object 'params' not found
--- failed re-building ‘paper-comparison.Rmd’
--- re-building ‘rodents-example.Rmd’ using rmarkdown
Warning in engine$weave(file, quiet = quiet, encoding = enc) :
Pandoc (>= 1.12.3) and/or pandoc-citeproc not available. Falling back to R Markdown v1.
--- finished re-building ‘rodents-example.Rmd’
SUMMARY: processing the following file failed:
‘paper-comparison.Rmd’
Error: Vignette re-building failed.
Execution halted
Flavors: r-patched-solaris-x86, r-release-macos-x86_64, r-oldrel-macos-x86_64