Last updated on 2023-03-24 19:49:51 CET.
Flavor | Version | Tinstall | Tcheck | Ttotal | Status | Flags |
---|---|---|---|---|---|---|
r-devel-linux-x86_64-debian-clang | 1.4.9 | 9.59 | 124.64 | 134.23 | OK | |
r-devel-linux-x86_64-debian-gcc | 1.4.9 | 7.17 | 91.88 | 99.05 | OK | |
r-devel-linux-x86_64-fedora-clang | 1.4.9 | 163.36 | OK | |||
r-devel-linux-x86_64-fedora-gcc | 1.4.9 | 177.96 | OK | |||
r-devel-windows-x86_64 | 1.4.9 | 18.00 | 171.00 | 189.00 | NOTE | |
r-patched-linux-x86_64 | 1.4.9 | 7.40 | 123.31 | 130.71 | OK | |
r-release-linux-x86_64 | 1.4.9 | 8.03 | 123.90 | 131.93 | OK | |
r-release-macos-arm64 | 1.4.9 | 41.00 | OK | |||
r-release-macos-x86_64 | 1.4.9 | 59.00 | OK | |||
r-release-windows-x86_64 | 1.4.9 | 20.00 | 173.00 | 193.00 | NOTE | |
r-oldrel-macos-arm64 | 1.4.9 | 52.00 | OK | |||
r-oldrel-macos-x86_64 | 1.4.9 | 87.00 | OK | |||
r-oldrel-windows-ix86+x86_64 | 1.4.9 | 15.00 | 156.00 | 171.00 | NOTE |
Version: 1.4.9
Check: package dependencies
Result: NOTE
Package suggested but not available for checking: 'doMC'
Flavors: r-devel-windows-x86_64, r-release-windows-x86_64, r-oldrel-windows-ix86+x86_64