Last updated on 2023-03-29 06:53:39 CEST.
Flavor | Version | Tinstall | Tcheck | Ttotal | Status | Flags |
---|---|---|---|---|---|---|
r-devel-linux-x86_64-debian-clang | 0.2.1 | 43.74 | 72.36 | 116.10 | NOTE | |
r-devel-linux-x86_64-debian-gcc | 0.2.1 | 36.42 | 53.98 | 90.40 | NOTE | |
r-devel-linux-x86_64-fedora-clang | 0.2.1 | 166.28 | NOTE | |||
r-devel-linux-x86_64-fedora-gcc | 0.2.1 | 152.91 | NOTE | |||
r-devel-windows-x86_64 | 0.2.1 | 101.00 | 0.00 | 101.00 | NOTE | |
r-patched-linux-x86_64 | 0.2.1 | 33.37 | 68.51 | 101.88 | NOTE | |
r-release-linux-x86_64 | 0.2.1 | 36.20 | 69.80 | 106.00 | OK | |
r-release-macos-arm64 | 0.2.1 | 89.00 | NOTE | |||
r-release-macos-x86_64 | 0.2.1 | 117.00 | NOTE | |||
r-release-windows-x86_64 | 0.2.1 | 82.00 | 283.00 | 365.00 | OK | |
r-oldrel-macos-arm64 | 0.2.1 | 87.00 | NOTE | |||
r-oldrel-macos-x86_64 | 0.2.1 | 114.00 | NOTE | |||
r-oldrel-windows-ix86+x86_64 | 0.2.1 | 99.00 | 472.00 | 571.00 | OK |
Version: 0.2.1
Check: C++ specification
Result: NOTE
Specified C++14: please drop specification unless essential
Flavors: r-devel-linux-x86_64-debian-clang, r-devel-linux-x86_64-debian-gcc, r-devel-linux-x86_64-fedora-clang, r-devel-linux-x86_64-fedora-gcc, r-devel-windows-x86_64, r-patched-linux-x86_64
Version: 0.2.1
Check: installed package size
Result: NOTE
installed size is 6.2Mb
sub-directories of 1Mb or more:
libs 5.1Mb
Flavors: r-release-macos-arm64, r-release-macos-x86_64, r-oldrel-macos-arm64, r-oldrel-macos-x86_64