CRAN Package Check Results for Package LSDsensitivity

Last updated on 2022-01-26 00:49:55 CET.

Flavor Version Tinstall Tcheck Ttotal Status Flags
r-devel-linux-x86_64-debian-clang 1.1.2 5.33 57.54 62.87 OK
r-devel-linux-x86_64-debian-gcc 1.1.2 4.80 46.55 51.35 OK
r-devel-linux-x86_64-fedora-clang 1.1.2 76.78 OK
r-devel-linux-x86_64-fedora-gcc 1.1.2 65.27 OK
r-devel-windows-x86_64-new-UL 1.1.2 366.00 88.00 454.00 OK
r-devel-windows-x86_64-new-TK 1.1.2 ERROR
r-patched-linux-x86_64 1.1.2 5.48 55.61 61.09 OK
r-release-linux-x86_64 1.1.2 3.94 55.61 59.55 OK
r-release-macos-arm64 1.1.2 OK
r-release-macos-x86_64 1.1.2 OK
r-release-windows-ix86+x86_64 1.1.2 12.00 71.00 83.00 OK
r-oldrel-macos-x86_64 1.1.2 OK
r-oldrel-windows-ix86+x86_64 1.1.2 12.00 70.00 82.00 OK

Check Details

Version: 1.1.2
Check: package dependencies
Result: ERROR
    Package required but not available: 'car'
    
    See section 'The DESCRIPTION file' in the 'Writing R Extensions'
    manual.
Flavor: r-devel-windows-x86_64-new-TK