CRAN Package Check Results for Package LaplacesDemon

Last updated on 2020-11-28 19:47:04 CET.

Flavor Version Tinstall Tcheck Ttotal Status Flags
r-devel-linux-x86_64-debian-clang 16.1.4 63.88 277.00 340.88 OK
r-devel-linux-x86_64-debian-gcc 16.1.4 37.79 203.61 241.40 OK
r-devel-linux-x86_64-fedora-clang 16.1.4 403.50 NOTE
r-devel-linux-x86_64-fedora-gcc 16.1.4 400.28 OK
r-devel-windows-ix86+x86_64 16.1.4 72.00 306.00 378.00 NOTE
r-patched-linux-x86_64 16.1.4 61.46 254.13 315.59 OK
r-patched-solaris-x86 16.1.4 417.60 NOTE
r-release-linux-x86_64 16.1.4 59.72 255.12 314.84 OK
r-release-macos-x86_64 16.1.4 NOTE
r-release-windows-ix86+x86_64 16.1.4 74.00 233.00 307.00 NOTE
r-oldrel-macos-x86_64 16.1.4 NOTE
r-oldrel-windows-ix86+x86_64 16.1.4 69.00 275.00 344.00 NOTE

Check Details

Version: 16.1.4
Check: installed package size
Result: NOTE
     installed size is 5.2Mb
     sub-directories of 1Mb or more:
     R 1.5Mb
     doc 2.0Mb
     help 1.1Mb
Flavors: r-devel-linux-x86_64-fedora-clang, r-devel-windows-ix86+x86_64, r-patched-solaris-x86, r-release-macos-x86_64, r-release-windows-ix86+x86_64, r-oldrel-macos-x86_64, r-oldrel-windows-ix86+x86_64