CRAN Package Check Results for Package LiblineaR

Last updated on 2020-02-20 22:51:02 CET.

Flavor Version Tinstall Tcheck Ttotal Status Flags
r-devel-linux-x86_64-debian-clang 2.10-8 5.63 31.22 36.85 OK
r-devel-linux-x86_64-debian-gcc 2.10-8 4.07 26.36 30.43 OK
r-devel-linux-x86_64-fedora-clang 2.10-8 47.20 NOTE
r-devel-linux-x86_64-fedora-gcc 2.10-8 48.01 NOTE
r-devel-windows-ix86+x86_64 2.10-8 17.00 70.00 87.00 OK
r-devel-windows-ix86+x86_64-gcc8 2.10-8 21.00 89.00 110.00 OK
r-patched-linux-x86_64 2.10-8 4.72 31.70 36.42 OK
r-patched-solaris-x86 2.10-8 86.10 OK
r-release-linux-x86_64 2.10-8 4.85 30.72 35.57 OK
r-release-windows-ix86+x86_64 2.10-8 15.00 85.00 100.00 OK
r-release-osx-x86_64 2.10-8 OK
r-oldrel-windows-ix86+x86_64 2.10-8 12.00 77.00 89.00 OK
r-oldrel-osx-x86_64 2.10-8 OK

Check Details

Version: 2.10-8
Check: compiled code
Result: NOTE
    File ‘LiblineaR/libs/LiblineaR.so’:
     Found no calls to: ‘R_registerRoutines’, ‘R_useDynamicSymbols’
    
    It is good practice to register native routines and to disable symbol
    search.
    
    See ‘Writing portable packages’ in the ‘Writing R Extensions’ manual.
Flavors: r-devel-linux-x86_64-fedora-clang, r-devel-linux-x86_64-fedora-gcc