CRAN Package Check Results for Package LiblineaR

Last updated on 2019-09-18 09:50:31 CEST.

Flavor Version Tinstall Tcheck Ttotal Status Flags
r-devel-linux-x86_64-debian-clang 2.10-8 5.62 29.29 34.91 OK
r-devel-linux-x86_64-debian-gcc 2.10-8 4.17 25.26 29.43 OK
r-devel-linux-x86_64-fedora-clang 2.10-8 44.51 NOTE
r-devel-linux-x86_64-fedora-gcc 2.10-8 44.95 NOTE
r-devel-windows-ix86+x86_64 2.10-8 24.00 80.00 104.00 OK
r-patched-linux-x86_64 2.10-8 4.34 30.94 35.28 OK
r-patched-solaris-x86 2.10-8 85.40 OK
r-release-linux-x86_64 2.10-8 4.37 31.04 35.41 OK
r-release-windows-ix86+x86_64 2.10-8 15.00 85.00 100.00 OK
r-release-osx-x86_64 2.10-8 OK
r-oldrel-windows-ix86+x86_64 2.10-8 13.00 63.00 76.00 OK
r-oldrel-osx-x86_64 2.10-8 OK

Check Details

Version: 2.10-8
Check: compiled code
Result: NOTE
    File ‘LiblineaR/libs/LiblineaR.so’:
     Found no calls to: ‘R_registerRoutines’, ‘R_useDynamicSymbols’
    
    It is good practice to register native routines and to disable symbol
    search.
    
    See ‘Writing portable packages’ in the ‘Writing R Extensions’ manual.
Flavors: r-devel-linux-x86_64-fedora-clang, r-devel-linux-x86_64-fedora-gcc