CRAN Package Check Results for Package LifeTables

Last updated on 2024-07-20 04:48:35 CEST.

Flavor Version Tinstall Tcheck Ttotal Status Flags
r-devel-linux-x86_64-debian-clang 1.0 3.36 32.47 35.83 NOTE
r-devel-linux-x86_64-debian-gcc 1.0 2.36 23.48 25.84 NOTE
r-devel-linux-x86_64-fedora-clang 1.0 45.74 NOTE
r-devel-linux-x86_64-fedora-gcc 1.0 42.55 NOTE
r-devel-windows-x86_64 1.0 5.00 47.00 52.00 NOTE
r-patched-linux-x86_64 1.0 3.91 30.33 34.24 NOTE
r-release-linux-x86_64 1.0 2.59 29.73 32.32 NOTE
r-release-macos-arm64 1.0 20.00 NOTE
r-release-macos-x86_64 1.0 24.00 NOTE
r-release-windows-x86_64 1.0 4.00 47.00 51.00 NOTE
r-oldrel-macos-arm64 1.0 21.00 NOTE
r-oldrel-macos-x86_64 1.0 26.00 NOTE
r-oldrel-windows-x86_64 1.0 4.00 50.00 54.00 NOTE

Check Details

Version: 1.0
Check: package dependencies
Result: NOTE Packages suggested but not available for checking: 'gWidgets', 'gWidgetsRGtk2', 'RGtk2' Flavors: r-devel-linux-x86_64-debian-clang, r-devel-linux-x86_64-debian-gcc, r-devel-linux-x86_64-fedora-clang, r-devel-linux-x86_64-fedora-gcc, r-devel-windows-x86_64, r-patched-linux-x86_64, r-release-linux-x86_64, r-release-macos-arm64, r-release-macos-x86_64, r-release-windows-x86_64, r-oldrel-macos-arm64, r-oldrel-macos-x86_64, r-oldrel-windows-x86_64

Version: 1.0
Check: Rd cross-references
Result: NOTE Found the following Rd file(s) with Rd \link{} targets missing package anchors: hmd.DA.Rd: MclustDA, Mclust hmd.DA.mx.Rd: MclustDA, Mclust Please provide package anchors for all Rd \link{} targets not in the package itself and the base packages. Flavor: r-devel-windows-x86_64