Last updated on 2023-03-24 21:59:54 CET.
Flavor | Version | Tinstall | Tcheck | Ttotal | Status | Flags |
---|---|---|---|---|---|---|
r-devel-linux-x86_64-debian-clang | 0.1.5 | 62.45 | 134.18 | 196.63 | NOTE | |
r-devel-linux-x86_64-debian-gcc | 0.1.5 | 50.03 | 96.92 | 146.95 | NOTE | |
r-devel-linux-x86_64-fedora-clang | 0.1.5 | 255.26 | NOTE | |||
r-devel-linux-x86_64-fedora-gcc | 0.1.5 | 268.95 | NOTE | |||
r-devel-windows-x86_64 | 0.1.5 | 56.00 | 177.00 | 233.00 | NOTE | |
r-patched-linux-x86_64 | 0.1.5 | 47.34 | 120.86 | 168.20 | NOTE | |
r-release-linux-x86_64 | 0.1.5 | 51.27 | 122.18 | 173.45 | NOTE | |
r-release-macos-arm64 | 0.1.5 | 59.00 | NOTE | |||
r-release-macos-x86_64 | 0.1.5 | 103.00 | NOTE | |||
r-release-windows-x86_64 | 0.1.5 | 66.00 | 173.00 | 239.00 | NOTE | |
r-oldrel-macos-arm64 | 0.1.5 | 68.00 | NOTE | |||
r-oldrel-macos-x86_64 | 0.1.5 | 102.00 | NOTE | |||
r-oldrel-windows-ix86+x86_64 | 0.1.5 | 132.00 | 250.00 | 382.00 | NOTE |
Version: 0.1.5
Check: Rd \usage sections
Result: NOTE
S3 methods shown with full name in documentation object ‘BIC.threshold’:
‘BIC.threshold’
S3 methods shown with full name in documentation object ‘BIC.threshold.ggm’:
‘BIC.threshold.ggm’
The \usage entries for S3 methods should use the \method markup and not
their full name.
See chapter ‘Writing R documentation files’ in the ‘Writing R
Extensions’ manual.
Flavors: r-devel-linux-x86_64-debian-clang, r-devel-linux-x86_64-debian-gcc, r-devel-linux-x86_64-fedora-clang, r-devel-linux-x86_64-fedora-gcc, r-devel-windows-x86_64
Version: 0.1.5
Check: LazyData
Result: NOTE
'LazyData' is specified without a 'data' directory
Flavors: r-devel-linux-x86_64-debian-clang, r-devel-linux-x86_64-debian-gcc, r-devel-linux-x86_64-fedora-clang, r-devel-linux-x86_64-fedora-gcc, r-devel-windows-x86_64, r-patched-linux-x86_64, r-release-linux-x86_64, r-release-macos-arm64, r-release-macos-x86_64, r-release-windows-x86_64, r-oldrel-macos-arm64, r-oldrel-macos-x86_64, r-oldrel-windows-ix86+x86_64