CRAN Package Check Results for Package LogisticDx

Last updated on 2022-09-27 14:53:32 CEST.

Flavor Version Tinstall Tcheck Ttotal Status Flags
r-devel-linux-x86_64-debian-clang 0.3 18.15 155.27 173.42 NOTE
r-devel-linux-x86_64-debian-gcc 0.3 12.83 115.84 128.67 NOTE
r-devel-linux-x86_64-fedora-clang 0.3 223.34 NOTE
r-devel-linux-x86_64-fedora-gcc 0.3 212.21 NOTE
r-devel-windows-x86_64 0.3 32.00 191.00 223.00 NOTE
r-patched-linux-x86_64 0.3 11.93 142.05 153.98 OK
r-release-linux-x86_64 0.3 10.43 144.51 154.94 OK
r-release-macos-arm64 0.3 64.00 OK
r-release-macos-x86_64 0.3 104.00 OK
r-release-windows-x86_64 0.3 36.00 191.00 227.00 OK
r-oldrel-macos-arm64 0.3 62.00 OK
r-oldrel-macos-x86_64 0.3 91.00 OK
r-oldrel-windows-ix86+x86_64 0.3 37.00 171.00 208.00 OK

Check Details

Version: 0.3
Check: HTML version of manual
Result: NOTE
    Found the following HTML validation problems:
    dx.html:74:38: Warning: nested emphasis <code>
    dx.html:81:38: Warning: nested emphasis <code>
    dx.html:92:38: Warning: nested emphasis <code>
    dx.html:100:38: Warning: nested emphasis <code>
    dx.html:112:38: Warning: nested emphasis <code>
    dx.html:148:38: Warning: nested emphasis <code>
    dx.html:170:38: Warning: nested emphasis <code>
    dx.html:229:38: Warning: nested emphasis <code>
    dx.html:240:38: Warning: nested emphasis <code>
    dx.html:251:38: Warning: nested emphasis <code>
    dx.html:269:38: Warning: nested emphasis <code>
    dx.html:282:38: Warning: nested emphasis <code>
    plotGlm.html:219:38: Warning: nested emphasis <code>
    plotGlm.html:225:38: Warning: nested emphasis <code>
    plotGlm.html:233:38: Warning: nested emphasis <code>
    plotGlm.html:240:38: Warning: nested emphasis <code>
    plotGlm.html:248:38: Warning: nested emphasis <code>
    plotGlm.html:271:38: Warning: nested emphasis <code>
    plotGlm.html:279:38: Warning: nested emphasis <code>
    plotGlm.html:286:38: Warning: nested emphasis <code>
Flavors: r-devel-linux-x86_64-debian-clang, r-devel-linux-x86_64-debian-gcc, r-devel-linux-x86_64-fedora-clang, r-devel-linux-x86_64-fedora-gcc, r-devel-windows-x86_64