Last updated on 2023-12-11 00:49:11 CET.
Flavor | Version | Tinstall | Tcheck | Ttotal | Status | Flags |
---|---|---|---|---|---|---|
r-devel-linux-x86_64-debian-clang | 0.1.0 | 27.11 | 491.48 | 518.59 | OK | |
r-devel-linux-x86_64-debian-gcc | 0.1.0 | 31.23 | 362.85 | 394.08 | OK | |
r-devel-linux-x86_64-fedora-clang | 0.1.0 | 676.37 | NOTE | |||
r-devel-linux-x86_64-fedora-gcc | 0.1.0 | 661.07 | NOTE | |||
r-devel-windows-x86_64 | 0.1.0 | 31.00 | 327.00 | 358.00 | OK | |
r-patched-linux-x86_64 | 0.1.0 | 22.74 | 467.31 | 490.05 | OK | |
r-release-linux-x86_64 | 0.1.0 | 27.03 | 468.22 | 495.25 | OK | |
r-release-macos-arm64 | 0.1.0 | 304.00 | NOTE | |||
r-release-macos-x86_64 | 0.1.0 | 423.00 | NOTE | |||
r-release-windows-x86_64 | 0.1.0 | 42.00 | 423.00 | 465.00 | OK | |
r-oldrel-macos-arm64 | 0.1.0 | 185.00 | NOTE | |||
r-oldrel-macos-x86_64 | 0.1.0 | 276.00 | NOTE | |||
r-oldrel-windows-x86_64 | 0.1.0 | 42.00 | 433.00 | 475.00 | OK |
Version: 0.1.0
Check: package dependencies
Result: NOTE
Package suggested but not available for checking: ‘orthogene’
Flavors: r-devel-linux-x86_64-fedora-clang, r-devel-linux-x86_64-fedora-gcc, r-release-macos-arm64, r-release-macos-x86_64, r-oldrel-macos-arm64, r-oldrel-macos-x86_64
Version: 0.1.0
Check: dependencies in R code
Result: NOTE
Namespace in Imports field not imported from: ‘fmsb’
All declared Imports should be used.
Flavors: r-devel-linux-x86_64-fedora-clang, r-devel-linux-x86_64-fedora-gcc
Version: 0.1.0
Check: Rd cross-references
Result: NOTE
Package unavailable to check Rd xrefs: ‘orthogene’
Flavors: r-devel-linux-x86_64-fedora-clang, r-devel-linux-x86_64-fedora-gcc, r-release-macos-arm64, r-release-macos-x86_64, r-oldrel-macos-arm64, r-oldrel-macos-x86_64