CRAN Package Check Results for Package MAMS

Last updated on 2022-01-26 04:52:43 CET.

Flavor Version Tinstall Tcheck Ttotal Status Flags
r-devel-linux-x86_64-debian-clang 2.0.0 5.09 46.90 51.99 OK
r-devel-linux-x86_64-debian-gcc 2.0.0 5.12 36.08 41.20 OK
r-devel-linux-x86_64-fedora-clang 2.0.0 65.60 NOTE
r-devel-linux-x86_64-fedora-gcc 2.0.0 54.65 NOTE
r-devel-windows-x86_64-new-UL 2.0.0 27.00 66.00 93.00 OK
r-devel-windows-x86_64-new-TK 2.0.0 OK
r-patched-linux-x86_64 2.0.0 6.20 45.05 51.25 OK
r-release-linux-x86_64 2.0.0 4.09 45.39 49.48 OK
r-release-macos-arm64 2.0.0 OK
r-release-macos-x86_64 2.0.0 OK
r-release-windows-ix86+x86_64 2.0.0 16.00 64.00 80.00 OK
r-oldrel-macos-x86_64 2.0.0 OK
r-oldrel-windows-ix86+x86_64 2.0.0 17.00 64.00 81.00 OK

Check Details

Version: 2.0.0
Check: compiled code
Result: NOTE
    File ‘MAMS/libs/MAMS.so’:
     Found no calls to: ‘R_registerRoutines’, ‘R_useDynamicSymbols’
    
    It is good practice to register native routines and to disable symbol
    search.
    
    See ‘Writing portable packages’ in the ‘Writing R Extensions’ manual.
Flavors: r-devel-linux-x86_64-fedora-clang, r-devel-linux-x86_64-fedora-gcc