CRAN Package Check Results for Package MAPA

Last updated on 2020-02-19 21:46:40 CET.

Flavor Version Tinstall Tcheck Ttotal Status Flags
r-devel-linux-x86_64-debian-clang 2.0.4 8.03 81.70 89.73 OK
r-devel-linux-x86_64-debian-gcc 2.0.4 6.98 62.57 69.55 OK
r-devel-linux-x86_64-fedora-clang 2.0.4 111.58 OK
r-devel-linux-x86_64-fedora-gcc 2.0.4 104.70 OK
r-devel-windows-ix86+x86_64 2.0.4 22.00 87.00 109.00 OK
r-devel-windows-ix86+x86_64-gcc8 2.0.4 37.00 136.00 173.00 OK
r-patched-linux-x86_64 2.0.4 7.22 70.55 77.77 OK
r-patched-solaris-x86 2.0.4 144.80 OK
r-release-linux-x86_64 2.0.4 6.57 71.11 77.68 OK
r-release-windows-ix86+x86_64 2.0.4 2.00 5.00 7.00 ERROR
r-release-osx-x86_64 2.0.4 OK
r-oldrel-windows-ix86+x86_64 2.0.4 11.00 91.00 102.00 OK
r-oldrel-osx-x86_64 2.0.4 OK

Check Details

Version: 2.0.4
Check: whether package can be installed
Result: ERROR
    Installation failed.
Flavor: r-release-windows-ix86+x86_64