CRAN Package Check Results for Package MCMCtreeR

Last updated on 2020-02-23 10:48:55 CET.

Flavor Version Tinstall Tcheck Ttotal Status Flags
r-devel-linux-x86_64-debian-clang 1.1 8.11 91.57 99.68 OK
r-devel-linux-x86_64-debian-gcc 1.1 6.61 69.70 76.31 OK
r-devel-linux-x86_64-fedora-clang 1.1 119.73 NOTE
r-devel-linux-x86_64-fedora-gcc 1.1 117.37 OK
r-devel-windows-ix86+x86_64 1.1 15.00 98.00 113.00 NOTE
r-devel-windows-ix86+x86_64-gcc8 1.1 18.00 140.00 158.00 NOTE
r-patched-linux-x86_64 1.1 OK
r-patched-solaris-x86 1.1 121.10 NOTE
r-release-linux-x86_64 1.1 5.32 82.64 87.96 OK
r-release-windows-ix86+x86_64 1.1 13.00 94.00 107.00 NOTE
r-release-osx-x86_64 1.1 NOTE
r-oldrel-windows-ix86+x86_64 1.1 13.00 100.00 113.00 NOTE
r-oldrel-osx-x86_64 1.1 NOTE

Check Details

Version: 1.1
Check: installed package size
Result: NOTE
     installed size is 7.4Mb
     sub-directories of 1Mb or more:
     doc 6.8Mb
Flavors: r-devel-linux-x86_64-fedora-clang, r-devel-windows-ix86+x86_64, r-devel-windows-ix86+x86_64-gcc8, r-patched-solaris-x86, r-release-windows-ix86+x86_64, r-release-osx-x86_64, r-oldrel-windows-ix86+x86_64, r-oldrel-osx-x86_64