CRAN Package Check Results for Package MCMCtreeR

Last updated on 2019-09-22 13:46:15 CEST.

Flavor Version Tinstall Tcheck Ttotal Status Flags
r-devel-linux-x86_64-debian-clang 1.1 6.22 82.57 88.79 OK
r-devel-linux-x86_64-debian-gcc 1.1 5.58 64.42 70.00 OK
r-devel-linux-x86_64-fedora-clang 1.1 107.96 NOTE
r-devel-linux-x86_64-fedora-gcc 1.1 106.18 OK
r-devel-windows-ix86+x86_64 1.1 20.00 98.00 118.00 NOTE
r-patched-linux-x86_64 1.1 7.32 81.11 88.43 OK
r-patched-solaris-x86 1.1 124.70 NOTE
r-release-linux-x86_64 1.1 7.39 81.21 88.60 OK
r-release-windows-ix86+x86_64 1.1 11.00 96.00 107.00 NOTE
r-release-osx-x86_64 1.1 NOTE
r-oldrel-windows-ix86+x86_64 1.1 7.00 96.00 103.00 NOTE
r-oldrel-osx-x86_64 1.1 NOTE

Check Details

Version: 1.1
Check: installed package size
Result: NOTE
     installed size is 7.4Mb
     sub-directories of 1Mb or more:
     doc 6.8Mb
Flavors: r-devel-linux-x86_64-fedora-clang, r-devel-windows-ix86+x86_64, r-patched-solaris-x86, r-release-windows-ix86+x86_64, r-release-osx-x86_64, r-oldrel-windows-ix86+x86_64, r-oldrel-osx-x86_64