Last updated on 2021-04-16 08:48:31 CEST.
Flavor | Version | Tinstall | Tcheck | Ttotal | Status | Flags |
---|---|---|---|---|---|---|
r-devel-linux-x86_64-debian-clang | 1.0.1 | 6.63 | 42.52 | 49.15 | OK | |
r-devel-linux-x86_64-debian-gcc | 1.0.1 | 5.59 | 33.45 | 39.04 | OK | |
r-devel-linux-x86_64-fedora-clang | 1.0.1 | 72.37 | OK | |||
r-devel-linux-x86_64-fedora-gcc | 1.0.1 | 66.60 | OK | |||
r-devel-windows-ix86+x86_64 | 1.0.1 | 11.00 | 56.00 | 67.00 | OK | |
r-devel-windows-x86_64-gcc10-UCRT | 1.0.1 | OK | ||||
r-patched-linux-x86_64 | 1.0.1 | 6.37 | 40.35 | 46.72 | OK | |
r-patched-solaris-x86 | 1.0.1 | 88.40 | OK | |||
r-release-linux-x86_64 | 1.0.1 | 6.31 | 40.81 | 47.12 | OK | |
r-release-macos-x86_64 | 1.0.1 | OK | ||||
r-release-windows-ix86+x86_64 | 1.0.1 | 8.00 | 56.00 | 64.00 | OK | |
r-oldrel-macos-x86_64 | 1.0.1 | WARN | ||||
r-oldrel-windows-ix86+x86_64 | 1.0.1 | 7.00 | 50.00 | 57.00 | OK |
Version: 1.0.1
Check: dependencies in R code
Result: NOTE
No protocol specified
No protocol specified
No protocol specified
No protocol specified
Flavor: r-oldrel-macos-x86_64
Version: 1.0.1
Check: S3 generic/method consistency
Result: WARN
No protocol specified
No protocol specified
See section ‘Generic functions and methods’ in the ‘Writing R
Extensions’ manual.
Flavor: r-oldrel-macos-x86_64
Version: 1.0.1
Check: replacement functions
Result: WARN
No protocol specified
No protocol specified
The argument of a replacement function which corresponds to the right
hand side must be named ‘value’.
Flavor: r-oldrel-macos-x86_64
Version: 1.0.1
Check: foreign function calls
Result: NOTE
No protocol specified
No protocol specified
See chapter ‘System and foreign language interfaces’ in the ‘Writing R
Extensions’ manual.
Flavor: r-oldrel-macos-x86_64
Version: 1.0.1
Check: R code for possible problems
Result: NOTE
No protocol specified
No protocol specified
Flavor: r-oldrel-macos-x86_64
Version: 1.0.1
Check: for missing documentation entries
Result: WARN
No protocol specified
No protocol specified
All user-level objects in a package should have documentation entries.
See chapter ‘Writing R documentation files’ in the ‘Writing R
Extensions’ manual.
Flavor: r-oldrel-macos-x86_64
Version: 1.0.1
Check: for code/documentation mismatches
Result: WARN
No protocol specified
No protocol specified
No protocol specified
No protocol specified
No protocol specified
No protocol specified
Flavor: r-oldrel-macos-x86_64
Version: 1.0.1
Check: Rd \usage sections
Result: NOTE
No protocol specified
No protocol specified
The \usage entries for S3 methods should use the \method markup and not
their full name.
See chapter ‘Writing R documentation files’ in the ‘Writing R
Extensions’ manual.
Flavor: r-oldrel-macos-x86_64