CRAN Package Check Results for Package MIIPW

Last updated on 2022-05-17 21:50:51 CEST.

Flavor Version Tinstall Tcheck Ttotal Status Flags
r-devel-linux-x86_64-debian-clang 0.1.0 8.30 73.93 82.23 OK
r-devel-linux-x86_64-debian-gcc 0.1.0 6.06 54.87 60.93 OK
r-devel-linux-x86_64-fedora-clang 0.1.0 96.88 NOTE
r-devel-linux-x86_64-fedora-gcc 0.1.0 95.01 NOTE
r-devel-windows-x86_64 0.1.0 18.00 94.00 112.00 OK
r-patched-linux-x86_64 0.1.0 7.71 71.60 79.31 OK
r-release-linux-x86_64 0.1.0 7.88 71.12 79.00 OK
r-release-macos-arm64 0.1.0 32.00 NOTE
r-release-macos-x86_64 0.1.0 41.00 NOTE
r-release-windows-x86_64 0.1.0 19.00 87.00 106.00 OK
r-oldrel-macos-arm64 0.1.0 34.00 NOTE
r-oldrel-macos-x86_64 0.1.0 46.00 NOTE
r-oldrel-windows-ix86+x86_64 0.1.0 17.00 87.00 104.00 OK

Check Details

Version: 0.1.0
Check: dependencies in R code
Result: NOTE
    Namespaces in Imports field not imported from:
     ‘stats’ ‘utils’
     All declared Imports should be used.
Flavors: r-devel-linux-x86_64-fedora-clang, r-devel-linux-x86_64-fedora-gcc, r-release-macos-arm64, r-release-macos-x86_64, r-oldrel-macos-arm64, r-oldrel-macos-x86_64