CRAN Package Check Results for Package MLDAShiny

Last updated on 2020-09-27 22:46:50 CEST.

Flavor Version Tinstall Tcheck Ttotal Status Flags
r-devel-linux-x86_64-debian-clang 0.1.0 2.25 18.68 20.93 OK
r-devel-linux-x86_64-debian-gcc 0.1.0 1.81 14.59 16.40 OK
r-devel-linux-x86_64-fedora-clang 0.1.0 35.91 NOTE
r-devel-linux-x86_64-fedora-gcc 0.1.0 24.91 NOTE
r-devel-windows-ix86+x86_64 0.1.0 6.00 36.00 42.00 OK
r-patched-linux-x86_64 0.1.0 1.53 18.15 19.68 OK
r-patched-solaris-x86 0.1.0 38.50 NOTE
r-release-linux-x86_64 0.1.0 2.21 18.41 20.62 OK
r-release-macos-x86_64 0.1.0 NOTE
r-release-windows-ix86+x86_64 0.1.0 7.00 40.00 47.00 OK
r-oldrel-macos-x86_64 0.1.0 NOTE
r-oldrel-windows-ix86+x86_64 0.1.0 4.00 40.00 44.00 OK

Check Details

Version: 0.1.0
Check: dependencies in R code
Result: NOTE
    Namespaces in Imports field not imported from:
     ‘DiscriMiner’ ‘MASS’ ‘caret’ ‘datasets’ ‘dplyr’ ‘e1071’ ‘klaR’
     ‘rhandsontable’ ‘shiny’
     All declared Imports should be used.
Flavors: r-devel-linux-x86_64-fedora-clang, r-devel-linux-x86_64-fedora-gcc, r-patched-solaris-x86, r-release-macos-x86_64, r-oldrel-macos-x86_64