CRAN Package Check Results for Package MLDAShiny

Last updated on 2020-02-17 17:52:14 CET.

Flavor Version Tinstall Tcheck Ttotal Status Flags
r-devel-linux-x86_64-debian-clang 0.1.0 2.16 17.85 20.01 OK
r-devel-linux-x86_64-debian-gcc 0.1.0 1.70 13.89 15.59 OK
r-devel-linux-x86_64-fedora-clang 0.1.0 24.35 NOTE
r-devel-linux-x86_64-fedora-gcc 0.1.0 23.52 NOTE
r-devel-windows-ix86+x86_64 0.1.0 9.00 29.00 38.00 OK
r-devel-windows-ix86+x86_64-gcc8 0.1.0 16.00 43.00 59.00 OK
r-patched-linux-x86_64 0.1.0 1.61 16.09 17.70 OK
r-patched-solaris-x86 0.1.0 37.10 NOTE
r-release-linux-x86_64 0.1.0 1.56 16.11 17.67 OK
r-release-windows-ix86+x86_64 0.1.0 7.00 29.00 36.00 OK
r-release-osx-x86_64 0.1.0 NOTE
r-oldrel-windows-ix86+x86_64 0.1.0 3.00 31.00 34.00 OK
r-oldrel-osx-x86_64 0.1.0 NOTE

Check Details

Version: 0.1.0
Check: dependencies in R code
Result: NOTE
    Namespaces in Imports field not imported from:
     ‘DiscriMiner’ ‘MASS’ ‘caret’ ‘datasets’ ‘dplyr’ ‘e1071’ ‘klaR’
     ‘rhandsontable’ ‘shiny’
     All declared Imports should be used.
Flavors: r-devel-linux-x86_64-fedora-clang, r-devel-linux-x86_64-fedora-gcc, r-patched-solaris-x86, r-release-osx-x86_64, r-oldrel-osx-x86_64