Last updated on 2022-06-28 09:49:54 CEST.
Flavor | Version | Tinstall | Tcheck | Ttotal | Status | Flags |
---|---|---|---|---|---|---|
r-devel-linux-x86_64-debian-clang | 0.1.3 | 2.78 | 49.08 | 51.86 | OK | |
r-devel-linux-x86_64-debian-gcc | 0.1.3 | 2.22 | 37.26 | 39.48 | OK | |
r-devel-linux-x86_64-fedora-clang | 0.1.3 | 74.79 | NOTE | |||
r-devel-linux-x86_64-fedora-gcc | 0.1.3 | 69.65 | NOTE | |||
r-devel-windows-x86_64 | 0.1.3 | 12.00 | 79.00 | 91.00 | OK | |
r-patched-linux-x86_64 | 0.1.3 | 2.88 | 47.37 | 50.25 | OK | |
r-release-linux-x86_64 | 0.1.3 | 2.63 | 46.85 | 49.48 | OK | |
r-release-macos-arm64 | 0.1.3 | 23.00 | NOTE | |||
r-release-macos-x86_64 | 0.1.3 | 39.00 | NOTE | |||
r-release-windows-x86_64 | 0.1.3 | 17.00 | 77.00 | 94.00 | OK | |
r-oldrel-macos-arm64 | 0.1.3 | 27.00 | NOTE | |||
r-oldrel-macos-x86_64 | 0.1.3 | 31.00 | NOTE | |||
r-oldrel-windows-ix86+x86_64 | 0.1.3 | 9.00 | 70.00 | 79.00 | OK |
Version: 0.1.3
Check: dependencies in R code
Result: NOTE
Namespaces in Imports field not imported from:
‘ConfusionTableR’ ‘OddsPlotty’ ‘caret’ ‘dplyr’ ‘ggplot2’ ‘parsnip’
‘ranger’ ‘recipes’ ‘rsample’ ‘varhandle’ ‘workflows’
All declared Imports should be used.
Flavors: r-devel-linux-x86_64-fedora-clang, r-devel-linux-x86_64-fedora-gcc, r-release-macos-arm64, r-release-macos-x86_64, r-oldrel-macos-arm64, r-oldrel-macos-x86_64