CRAN Package Check Results for Package MLMOI

Last updated on 2023-02-02 18:54:33 CET.

Flavor Version Tinstall Tcheck Ttotal Status Flags
r-devel-linux-x86_64-debian-clang 0.1.1 6.98 70.40 77.38 NOTE
r-devel-linux-x86_64-debian-gcc 0.1.1 4.93 51.44 56.37 NOTE
r-devel-linux-x86_64-fedora-clang 0.1.1 98.00 NOTE
r-devel-linux-x86_64-fedora-gcc 0.1.1 105.65 NOTE
r-devel-windows-x86_64 0.1.1 27.00 122.00 149.00 NOTE
r-patched-linux-x86_64 0.1.1 7.15 66.71 73.86 NOTE
r-release-linux-x86_64 0.1.1 5.68 62.06 67.74 NOTE
r-release-macos-arm64 0.1.1 25.00 NOTE
r-release-macos-x86_64 0.1.1 37.00 NOTE
r-release-windows-x86_64 0.1.1 35.00 101.00 136.00 NOTE
r-oldrel-macos-arm64 0.1.1 38.00 NOTE
r-oldrel-macos-x86_64 0.1.1 53.00 NOTE
r-oldrel-windows-ix86+x86_64 0.1.1 10.00 86.00 96.00 NOTE

Check Details

Version: 0.1.1
Check: LazyData
Result: NOTE
     'LazyData' is specified without a 'data' directory
Flavors: r-devel-linux-x86_64-debian-clang, r-devel-linux-x86_64-debian-gcc, r-devel-linux-x86_64-fedora-clang, r-devel-linux-x86_64-fedora-gcc, r-devel-windows-x86_64, r-patched-linux-x86_64, r-release-linux-x86_64, r-release-macos-arm64, r-release-macos-x86_64, r-release-windows-x86_64, r-oldrel-macos-arm64, r-oldrel-macos-x86_64, r-oldrel-windows-ix86+x86_64