CRAN Package Check Results for Package MLZ

Last updated on 2024-07-20 21:56:09 CEST.

Flavor Version Tinstall Tcheck Ttotal Status Flags
r-devel-linux-x86_64-debian-clang 0.1.4 163.65 147.63 311.28 NOTE
r-devel-linux-x86_64-debian-gcc 0.1.4 115.78 114.51 230.29 NOTE
r-devel-linux-x86_64-fedora-clang 0.1.4 367.63 NOTE
r-devel-linux-x86_64-fedora-gcc 0.1.4 466.74 NOTE
r-devel-windows-x86_64 0.1.4 113.00 141.00 254.00 NOTE
r-patched-linux-x86_64 0.1.4 142.22 146.96 289.18 NOTE
r-release-linux-x86_64 0.1.4 141.49 145.77 287.26 NOTE
r-release-macos-arm64 0.1.4 114.00 NOTE
r-release-macos-x86_64 0.1.4 183.00 NOTE
r-release-windows-x86_64 0.1.4 105.00 141.00 246.00 NOTE
r-oldrel-macos-arm64 0.1.4 141.00 NOTE
r-oldrel-macos-x86_64 0.1.4 168.00 NOTE
r-oldrel-windows-x86_64 0.1.4 136.00 179.00 315.00 NOTE

Additional issues

noRemap

Check Details

Version: 0.1.4
Check: package subdirectories
Result: NOTE Problems with news in ‘NEWS.md’: No news entries found. Flavors: r-devel-linux-x86_64-debian-clang, r-devel-linux-x86_64-debian-gcc, r-devel-linux-x86_64-fedora-clang, r-devel-linux-x86_64-fedora-gcc, r-devel-windows-x86_64, r-patched-linux-x86_64, r-release-linux-x86_64, r-release-macos-arm64, r-release-macos-x86_64, r-release-windows-x86_64, r-oldrel-macos-arm64, r-oldrel-macos-x86_64, r-oldrel-windows-x86_64

Version: 0.1.4
Check: installed package size
Result: NOTE installed size is 13.6Mb sub-directories of 1Mb or more: libs 13.1Mb Flavors: r-devel-windows-x86_64, r-release-macos-arm64, r-release-macos-x86_64, r-release-windows-x86_64, r-oldrel-macos-arm64, r-oldrel-macos-x86_64, r-oldrel-windows-x86_64