CRAN Package Check Results for Package MLmetrics

Last updated on 2022-12-02 18:50:16 CET.

Flavor Version Tinstall Tcheck Ttotal Status Flags
r-devel-linux-x86_64-debian-clang 1.1.1 2.73 27.39 30.12 NOTE
r-devel-linux-x86_64-debian-gcc 1.1.1 1.74 21.28 23.02 NOTE
r-devel-linux-x86_64-fedora-clang 1.1.1 47.82 NOTE
r-devel-linux-x86_64-fedora-gcc 1.1.1 47.61 NOTE
r-devel-windows-x86_64 1.1.1 27.00 64.00 91.00 NOTE
r-patched-linux-x86_64 1.1.1 2.95 26.58 29.53 NOTE
r-release-linux-x86_64 1.1.1 2.73 25.94 28.67 NOTE
r-release-macos-arm64 1.1.1 15.00 NOTE
r-release-macos-x86_64 1.1.1 24.00 NOTE
r-release-windows-x86_64 1.1.1 24.00 59.00 83.00 NOTE
r-oldrel-macos-arm64 1.1.1 20.00 NOTE
r-oldrel-macos-x86_64 1.1.1 29.00 NOTE
r-oldrel-windows-ix86+x86_64 1.1.1 6.00 51.00 57.00 NOTE

Check Details

Version: 1.1.1
Check: LazyData
Result: NOTE
     'LazyData' is specified without a 'data' directory
Flavors: r-devel-linux-x86_64-debian-clang, r-devel-linux-x86_64-debian-gcc, r-devel-linux-x86_64-fedora-clang, r-devel-linux-x86_64-fedora-gcc, r-devel-windows-x86_64, r-patched-linux-x86_64, r-release-linux-x86_64, r-release-macos-arm64, r-release-macos-x86_64, r-release-windows-x86_64, r-oldrel-macos-arm64, r-oldrel-macos-x86_64, r-oldrel-windows-ix86+x86_64

Version: 1.1.1
Check: dependencies in R code
Result: NOTE
    Namespace in Imports field not imported from: ‘utils’
     All declared Imports should be used.
Flavors: r-devel-linux-x86_64-fedora-clang, r-devel-linux-x86_64-fedora-gcc, r-release-macos-arm64, r-release-macos-x86_64, r-oldrel-macos-arm64, r-oldrel-macos-x86_64