CRAN Package Check Results for Package MMDai

Last updated on 2019-10-22 21:47:50 CEST.

Flavor Version Tinstall Tcheck Ttotal Status Flags
r-devel-linux-x86_64-debian-clang 1.4.0 4.40 34.68 39.08 OK
r-devel-linux-x86_64-debian-gcc 1.4.0 3.63 28.27 31.90 OK
r-devel-linux-x86_64-fedora-clang 1.4.0 47.01 OK
r-devel-linux-x86_64-fedora-gcc 1.4.0 45.81 OK
r-devel-windows-ix86+x86_64 1.4.0 14.00 53.00 67.00 OK
r-patched-linux-x86_64 1.4.0 4.30 35.33 39.63 OK
r-patched-solaris-x86 1.4.0 75.70 OK
r-release-linux-x86_64 1.4.0 4.05 35.23 39.28 OK
r-release-windows-ix86+x86_64 1.4.0 22.00 55.00 77.00 OK
r-release-osx-x86_64 1.4.0 WARN
r-oldrel-windows-ix86+x86_64 1.4.0 8.00 85.00 93.00 OK
r-oldrel-osx-x86_64 1.4.0 OK

Check Details

Version: 1.4.0
Check: whether package can be installed
Result: WARN
    Found the following significant warnings:
     Warning: 'rgl_init' failed, running with rgl.useNULL = TRUE
Flavor: r-release-osx-x86_64