CRAN Package Check Results for Package MNM

Last updated on 2022-10-03 04:59:32 CEST.

Flavor Version Tinstall Tcheck Ttotal Status Flags
r-devel-linux-x86_64-debian-clang 1.0-3 14.24 116.77 131.01 NOTE
r-devel-linux-x86_64-debian-gcc 1.0-3 8.99 88.60 97.59 NOTE
r-devel-linux-x86_64-fedora-clang 1.0-3 168.54 NOTE
r-devel-linux-x86_64-fedora-gcc 1.0-3 163.81 NOTE
r-devel-windows-x86_64 1.0-3 32.00 143.00 175.00 NOTE
r-patched-linux-x86_64 1.0-3 10.94 112.17 123.11 NOTE
r-release-linux-x86_64 1.0-3 12.14 109.69 121.83 NOTE
r-release-macos-arm64 1.0-3 42.00 NOTE
r-release-macos-x86_64 1.0-3 59.00 NOTE
r-release-windows-x86_64 1.0-3 30.00 136.00 166.00 NOTE
r-oldrel-macos-arm64 1.0-3 48.00 NOTE
r-oldrel-macos-x86_64 1.0-3 88.00 NOTE
r-oldrel-windows-ix86+x86_64 1.0-3 25.00 134.00 159.00 OK

Check Details

Version: 1.0-3
Check: package dependencies
Result: NOTE
    Package suggested but not available for checking: 'Flury'
Flavors: r-devel-linux-x86_64-debian-clang, r-devel-linux-x86_64-debian-gcc, r-devel-linux-x86_64-fedora-clang, r-devel-linux-x86_64-fedora-gcc, r-devel-windows-x86_64, r-patched-linux-x86_64, r-release-linux-x86_64, r-release-macos-arm64, r-release-macos-x86_64, r-release-windows-x86_64, r-oldrel-macos-arm64, r-oldrel-macos-x86_64