Last updated on 2025-01-17 22:50:24 CET.
Flavor | Version | Tinstall | Tcheck | Ttotal | Status | Flags |
---|---|---|---|---|---|---|
r-devel-linux-x86_64-debian-clang | 1.1.3 | 3135.19 | 68.27 | 3203.46 | OK | |
r-devel-linux-x86_64-debian-gcc | 1.1.3 | 1122.70 | 47.53 | 1170.23 | OK | |
r-devel-linux-x86_64-fedora-clang | 1.1.3 | 6716.20 | OK | |||
r-devel-linux-x86_64-fedora-gcc | 1.1.3 | 3002.36 | OK | |||
r-patched-linux-x86_64 | 1.1.3 | 1409.26 | 63.62 | 1472.88 | OK | |
r-release-linux-x86_64 | 1.1.3 | 1407.44 | 64.31 | 1471.75 | OK | |
r-release-macos-arm64 | 1.1.3 | 610.00 | NOTE | |||
r-release-macos-x86_64 | 1.1.3 | 1141.00 | NOTE | |||
r-oldrel-macos-arm64 | 1.1.3 | 747.00 | NOTE | |||
r-oldrel-macos-x86_64 | 1.1.3 | 1268.00 | NOTE |
Version: 1.1.3
Check: installed package size
Result: NOTE
installed size is 5.6Mb
sub-directories of 1Mb or more:
libs 5.0Mb
Flavors: r-release-macos-arm64, r-release-macos-x86_64, r-oldrel-macos-arm64, r-oldrel-macos-x86_64