CRAN Package Check Results for Package MSGARCH

Last updated on 2020-06-01 15:47:49 CEST.

Flavor Version Tinstall Tcheck Ttotal Status Flags
r-devel-linux-x86_64-debian-clang 2.42 375.50 377.87 753.37 OK
r-devel-linux-x86_64-debian-gcc 2.42 339.33 282.60 621.93 OK
r-devel-linux-x86_64-fedora-clang 2.42 1022.44 NOTE
r-devel-linux-x86_64-fedora-gcc 2.42 1012.32 OK
r-devel-windows-ix86+x86_64 2.42 915.00 694.00 1609.00 NOTE
r-patched-linux-x86_64 2.42 352.21 376.57 728.78 OK
r-patched-solaris-x86 2.42 939.10 NOTE
r-release-linux-x86_64 2.42 354.90 378.42 733.32 OK
r-release-osx-x86_64 2.42 NOTE
r-release-windows-ix86+x86_64 2.42 817.00 707.00 1524.00 NOTE
r-oldrel-osx-x86_64 2.42 NOTE
r-oldrel-windows-ix86+x86_64 2.42 801.00 515.00 1316.00 NOTE

Check Details

Version: 2.42
Check: installed package size
Result: NOTE
     installed size is 51.6Mb
     sub-directories of 1Mb or more:
     libs 51.2Mb
Flavors: r-devel-linux-x86_64-fedora-clang, r-devel-windows-ix86+x86_64, r-patched-solaris-x86, r-release-osx-x86_64, r-release-windows-ix86+x86_64, r-oldrel-osx-x86_64, r-oldrel-windows-ix86+x86_64